{"id":12830,"date":"2020-02-19T17:22:43","date_gmt":"2020-02-19T16:22:43","guid":{"rendered":"https:\/\/www.aktion-weitblick.de\/standorte\/frauen-wg-15-reinholdstrasse\/"},"modified":"2026-04-27T10:30:45","modified_gmt":"2026-04-27T08:30:45","slug":"frauen-wg-15-reinholdstrasse","status":"publish","type":"weit_location","link":"https:\/\/www.aktion-weitblick.de\/ls\/standorte\/frauen-wg-15-reinholdstrasse\/","title":{"rendered":"WG 15 Reinholdstra\u00dfe"},"content":{"rendered":"<p>Willkommen in der Wohngemeinschaft Reinholdstra\u00dfe (WG15) &#8211; eine reine Frauen WG.<\/p>\n<h2 id=\"wer-wohnt-hier\"><strong>Wer wohnt hier?<\/strong><\/h2>\n<ul>\n<li>5 Frauen mit Intelligenzminderung im Alter zwischen 20 und 50 Jahren<\/li>\n<li>Menschen, die zus\u00e4tzliche psychische Beeintr\u00e4chtigungen haben<\/li>\n<li>Menschen, die dauerhaft nicht oder noch nicht selbst\u00e4ndig leben k\u00f6nnen<\/li>\n<li>Menschen mit und ohne externer Tagesstruktur<\/li>\n<\/ul>\n<h2 id=\"raume\"><strong>R\u00e4ume<\/strong><\/h2>\n<p>Die R\u00e4umlichkeiten der Wohngemeinschaft befinden sich im Erdgeschoss und 1. Obergeschoss.<\/p>\n<ul>\n<li>Wohnung auf zwei Etagen verteilt<\/li>\n<li>EG mit 1 WG Zimmer und gro\u00dfem Wohnzimmer mit Balkon, K\u00fcche<\/li>\n<li>OG mit 4 WG Zimmern<\/li>\n<li>2 Badezimmer<\/li>\n<li>Betreuerb\u00fcro<\/li>\n<li>WG-Zimmer z.T. mit Wintergarten<\/li>\n<li>2 kleine Abstellkammern<\/li>\n<li>Nicht barrierefrei<\/li>\n<\/ul>\n<h2 id=\"ausstattung\"><strong>Ausstattung\u00a0<\/strong><\/h2>\n<ul>\n<li>Waschmaschine und Trockner<\/li>\n<li>TV und Musikanlage<\/li>\n<li>TV-Anschluss im Zimmer<\/li>\n<li>Bewohnertelefon<\/li>\n<\/ul>\n<h2 id=\"so-leben-wir-hier\"><strong>So leben wir hier<\/strong><\/h2>\n<p>Die Bewohner*innen in unserer Wohngemeinschaft werden montags bis sonntags tags\u00fcber mit wechselnder Anzahl der Stunden betreut.<\/p>\n<p>Einmal w\u00f6chentlich findet unsere Gruppensitzung statt. Einzelgespr\u00e4che sind auch f\u00fcr jeden m\u00f6glich. Je nach Bedarf suchen wir uns Unterst\u00fctzung bei der Arbeitssuche oder der Freizeitgestaltung.<\/p>\n<p>Montags wird abends entweder zusammen gekocht oder wir veranstalten eine andere Gemeinschaftsaktivit\u00e4t. Wer nicht zur Arbeit geht, fr\u00fchst\u00fcckt mittwochs gemeinsam mit den anderen und kocht am Dienstag in der Gruppe das Mittagessen.<\/p>\n<p>Wer m\u00f6chte, kann am Ende der Woche am Wochenausklang teilnehmen und den Sonntag mit einem gemeinsamen Fr\u00fchst\u00fcck starten.<\/p>\n<p>Kleine Haustiere sind in unserer Frauen-WG herzlich willkommen.<\/p>\n<h2 id=\"freizeit-pur\"><strong>Freizeit pur<\/strong><\/h2>\n<p>Die WG liegt in der N\u00e4he vom K\u00f6rnerpark und dem Volkspark Hasenheide.<\/p>\n<p>Wer es etwas aktiver mag und gerne schwimmen geht, ist im Stadtbad Neuk\u00f6lln gut aufgehoben. Neuk\u00f6lln-Arcaden mit UCI-Kino, Shopping Center Neuk\u00f6llner Tor mit Kaufland, Apotheke, Post etc. ist auch fu\u00dfl\u00e4ufig zu erreichen.<\/p>\n<h2 id=\"die-umgebung\"><strong>Die Umgebung<\/strong><\/h2>\n<p>In ca. 5 Minuten zu Fu\u00df gibt es einen Supermarkt und andere Gesch\u00e4fte. Die Post erreicht man in max. 15 Minuten zu Fu\u00df.<\/p>\n<p>Weiterhin gibt es in der N\u00e4he:<\/p>\n<ul>\n<li>Arztpraxen<\/li>\n<li>Krankenhaus Neuk\u00f6lln<\/li>\n<li>Beratungs- und Kontaktstelle f\u00fcr Menschen mit psychischen Erkrankungen<\/li>\n<\/ul>\n<p>Den n\u00e4chsten S- und U-Bahnhof erreicht man nach 5 Minuten. Bushaltestellen liegen auch in der N\u00e4he.<\/p>\n","protected":false},"excerpt":{"rendered":"<p>Willkommen in der Wohngemeinschaft Reinholdstra\u00dfe (WG15) &#8211; eine reine Frauen WG. Wer wohnt hier? 5 Frauen mit Intelligenzminderung im Alter zwischen 20 und 50 Jahren Menschen, die zus\u00e4tzliche psychische Beeintr\u00e4chtigungen haben Menschen, die dauerhaft nicht oder noch nicht selbst\u00e4ndig leben k\u00f6nnen Menschen mit und ohne externer Tagesstruktur R\u00e4ume Die R\u00e4umlichkeiten der Wohngemeinschaft befinden sich im [&hellip;]<\/p>\n","protected":false},"featured_media":12043,"template":"","weit_location_category":[270],"class_list":["post-12830","weit_location","type-weit_location","status-publish","has-post-thumbnail","hentry","weit_location_category-neukoelln"],"acf":[],"_links":{"self":[{"href":"https:\/\/www.aktion-weitblick.de\/ls\/wp-json\/wp\/v2\/weit_locations\/12830","targetHints":{"allow":["GET"]}}],"collection":[{"href":"https:\/\/www.aktion-weitblick.de\/ls\/wp-json\/wp\/v2\/weit_locations"}],"about":[{"href":"https:\/\/www.aktion-weitblick.de\/ls\/wp-json\/wp\/v2\/types\/weit_location"}],"version-history":[{"count":1,"href":"https:\/\/www.aktion-weitblick.de\/ls\/wp-json\/wp\/v2\/weit_locations\/12830\/revisions"}],"predecessor-version":[{"id":12932,"href":"https:\/\/www.aktion-weitblick.de\/ls\/wp-json\/wp\/v2\/weit_locations\/12830\/revisions\/12932"}],"wp:featuredmedia":[{"embeddable":true,"href":"https:\/\/www.aktion-weitblick.de\/ls\/wp-json\/wp\/v2\/media\/12043"}],"wp:attachment":[{"href":"https:\/\/www.aktion-weitblick.de\/ls\/wp-json\/wp\/v2\/media?parent=12830"}],"wp:term":[{"taxonomy":"weit_location_category","embeddable":true,"href":"https:\/\/www.aktion-weitblick.de\/ls\/wp-json\/wp\/v2\/weit_location_category?post=12830"}],"curies":[{"name":"wp","href":"https:\/\/api.w.org\/{rel}","templated":true}]}}

WG 15 Reinholdstraße

<p>Willkommen in der Wohngemeinschaft Reinholdstraße (WG15) &#8211; eine reine Frauen WG.</p>
<h2 id="wer-wohnt-hier"><strong>Wer wohnt hier?</strong></h2>
<ul>
<li>5 Frauen mit Intelligenzminderung im Alter zwischen 20 und 50 Jahren</li>
<li>Menschen, die zusätzliche psychische Beeinträchtigungen haben</li>
<li>Menschen, die dauerhaft nicht oder noch nicht selbständig leben können</li>
<li>Menschen mit und ohne externer Tagesstruktur</li>
</ul>
<h2 id="raume"><strong>Räume</strong></h2>
<p>Die Räumlichkeiten der Wohngemeinschaft befinden sich im Erdgeschoss und 1. Obergeschoss.</p>
<ul>
<li>Wohnung auf zwei Etagen verteilt</li>
<li>EG mit 1 WG Zimmer und großem Wohnzimmer mit Balkon, Küche</li>
<li>OG mit 4 WG Zimmern</li>
<li>2 Badezimmer</li>
<li>Betreuerbüro</li>
<li>WG-Zimmer z.T. mit Wintergarten</li>
<li>2 kleine Abstellkammern</li>
<li>Nicht barrierefrei</li>
</ul>
<h2 id="ausstattung"><strong>Ausstattung </strong></h2>
<ul>
<li>Waschmaschine und Trockner</li>
<li>TV und Musikanlage</li>
<li>TV-Anschluss im Zimmer</li>
<li>Bewohnertelefon</li>
</ul>
<h2 id="so-leben-wir-hier"><strong>So leben wir hier</strong></h2>
<p>Die Bewohner*innen in unserer Wohngemeinschaft werden montags bis sonntags tagsüber mit wechselnder Anzahl der Stunden betreut.</p>
<p>Einmal wöchentlich findet unsere Gruppensitzung statt. Einzelgespräche sind auch für jeden möglich. Je nach Bedarf suchen wir uns Unterstützung bei der Arbeitssuche oder der Freizeitgestaltung.</p>
<p>Montags wird abends entweder zusammen gekocht oder wir veranstalten eine andere Gemeinschaftsaktivität. Wer nicht zur Arbeit geht, frühstückt mittwochs gemeinsam mit den anderen und kocht am Dienstag in der Gruppe das Mittagessen.</p>
<p>Wer möchte, kann am Ende der Woche am Wochenausklang teilnehmen und den Sonntag mit einem gemeinsamen Frühstück starten.</p>
<p>Kleine Haustiere sind in unserer Frauen-WG herzlich willkommen.</p>
<h2 id="freizeit-pur"><strong>Freizeit pur</strong></h2>
<p>Die WG liegt in der Nähe vom Körnerpark und dem Volkspark Hasenheide.</p>
<p>Wer es etwas aktiver mag und gerne schwimmen geht, ist im Stadtbad Neukölln gut aufgehoben. Neukölln-Arcaden mit UCI-Kino, Shopping Center Neuköllner Tor mit Kaufland, Apotheke, Post etc. ist auch fußläufig zu erreichen.</p>
<h2 id="die-umgebung"><strong>Die Umgebung</strong></h2>
<p>In ca. 5 Minuten zu Fuß gibt es einen Supermarkt und andere Geschäfte. Die Post erreicht man in max. 15 Minuten zu Fuß.</p>
<p>Weiterhin gibt es in der Nähe:</p>
<ul>
<li>Arztpraxen</li>
<li>Krankenhaus Neukölln</li>
<li>Beratungs- und Kontaktstelle für Menschen mit psychischen Erkrankungen</li>
</ul>
<p>Den nächsten S- und U-Bahnhof erreicht man nach 5 Minuten. Bushaltestellen liegen auch in der Nähe.</p>

<p>Willkommen in der Wohngemeinschaft Reinholdstraße (WG15) &#8211; eine reine Frauen WG. Wer wohnt hier? 5 Frauen mit Intelligenzminderung im Alter zwischen 20 und 50 Jahren Menschen, die zusätzliche psychische Beeinträchtigungen haben Menschen, die dauerhaft nicht oder noch nicht selbständig leben können Menschen mit und ohne externer Tagesstruktur Räume Die Räumlichkeiten der Wohngemeinschaft befinden sich im [&hellip;]</p>
