{"id":12826,"date":"2020-02-19T17:57:27","date_gmt":"2020-02-19T16:57:27","guid":{"rendered":"https:\/\/www.aktion-weitblick.de\/standorte\/wg-13-wilhelmstrasse\/"},"modified":"2020-02-19T17:57:27","modified_gmt":"2020-02-19T16:57:27","slug":"wg-13-wilhelmstrasse","status":"publish","type":"weit_location","link":"https:\/\/www.aktion-weitblick.de\/ls\/standorte\/wg-13-wilhelmstrasse\/","title":{"rendered":"WG 13 Wilhelmstra\u00dfe"},"content":{"rendered":"<p>Willkommen in der Wohngemeinschaft 13 Wilhelmstra\u00dfe.<\/p>\n<h2 id=\"wer-wohnt-hier\"><strong>Wer wohnt hier?<\/strong><\/h2>\n<ul>\n<li>7 Menschen mit Lernschwierigkeiten im Alter zwischen 20 und 30 Jahren<\/li>\n<li>Menschen mit und ohne Tagesstruktur<\/li>\n<\/ul>\n<h2 id=\"raume\"><strong>R\u00e4ume\u00a0<\/strong><\/h2>\n<p>Die R\u00e4umlichkeiten der Wohngemeinschaft befinden sich im 2. Stock. Sie ist nicht barrierefrei erreichbar.<\/p>\n<ul>\n<li>Betreuerb\u00fcro<\/li>\n<li>Einzelzimmer: 12 qm<\/li>\n<li>K\u00fcche mit Gemeinschaftsk\u00fchlschrank<\/li>\n<li>Gemeinschaftsraum mit gro\u00dfer Essecke<\/li>\n<li>2 Badezimmer<\/li>\n<li>Keller<\/li>\n<li>die Wohnung ist barrierearm (keine Treppen oder Stufen in der Wohnung)<\/li>\n<\/ul>\n<h2 id=\"ausstattung\"><strong>Ausstattung\u00a0<\/strong><\/h2>\n<ul>\n<li>Aufzug<\/li>\n<li>Waschmaschine<\/li>\n<li>TV-Anschluss<\/li>\n<li>Telefon<\/li>\n<\/ul>\n<h2 id=\"so-leben-wir-hier\"><strong>So leben wir hier<\/strong><\/h2>\n<p>Die Bewohner in unserer Wohngemeinschaft werden montags bis freitags stundenweise betreut. In der Wohnung machen wir viel gemeinsam: wir kochen, wir haben eine Haushaltskasse und auch beim Wohnungsputz sind wir alle gefragt.<\/p>\n<p>Einmal in der Woche findet unsere Gruppensitzung statt. Jeder von uns nimmt an festen Einzelterminen mit den Betreuern teil.<\/p>\n<p>Wer m\u00f6chte, geht begleitet einkaufen, um sich selbst zu versorgen oder sucht sich Unterst\u00fctzung in Fragen der Geldverwaltung oder Geldeinteilung.<\/p>\n<p>Nicht zu vergessen: Kleintierhaltung ist nach Absprache und Genehmigung m\u00f6glich.<\/p>\n<h2 id=\"freizeit-pur\"><strong>Freizeit pur<\/strong><\/h2>\n<p>Wir veranstalten gerne gemeinsame Freizeitaktivit\u00e4ten oder Ausfl\u00fcge. Manchmal machen wir auch zusammen eine Reise. Da unsere Wohngemeinschaft mitten in Berlin liegt, ist immer etwas geboten: Der Potsdamer Platz und die Friedrichstra\u00dfe befinden sich in unmittelbarer Nachbarschaft. Den Berliner Reichstag sowie das Brandenburger Tor mit dem Boulevard Unter den Linden k\u00f6nnen wir in wenigen Minuten zu Fu\u00df erreichen.<\/p>\n<p>Wer in der Freizeit lieber im Gr\u00fcnen ist, den l\u00e4dt der gro\u00dfe Tiergarten ein: In der Sonne liegen, einen Kaffee trinken, joggen oder spazieren gehen, ganz nach Lust und Laune.<\/p>\n<h2 id=\"die-umgebung\"><strong>Die Umgebung<\/strong><\/h2>\n<p>In ca. 5 Minuten Fu\u00dfweg entfernt gibt es kleine und gro\u00dfe Einkaufsl\u00e4den, Kaufh\u00e4user und Superm\u00e4rkte. Auch Banken und eine Post sind gut zu Fu\u00df zu erreichen.<\/p>\n<p>Weiterhin gibt es in der N\u00e4he:<\/p>\n<ul>\n<li>Mitarbeiterb\u00fcro Kreuzberg<\/li>\n<li>Arztpraxen<\/li>\n<li>Apotheke<\/li>\n<li>M1 Kliniken (Krankenhaus)<\/li>\n<li>Fitnessstudio<\/li>\n<li>Schwimmhalle Fischerinsel<\/li>\n<\/ul>\n<p>Bushaltestellen, S- und U-Bahnh\u00f6fe liegen zu Fu\u00df ca. 5 Minuten entfernt.<\/p>\n","protected":false},"excerpt":{"rendered":"<p>Willkommen in der Wohngemeinschaft 13 Wilhelmstra\u00dfe. Wer wohnt hier? 7 Menschen mit Lernschwierigkeiten im Alter zwischen 20 und 30 Jahren Menschen mit und ohne Tagesstruktur R\u00e4ume\u00a0 Die R\u00e4umlichkeiten der Wohngemeinschaft befinden sich im 2. Stock. Sie ist nicht barrierefrei erreichbar. Betreuerb\u00fcro Einzelzimmer: 12 qm K\u00fcche mit Gemeinschaftsk\u00fchlschrank Gemeinschaftsraum mit gro\u00dfer Essecke 2 Badezimmer Keller die [&hellip;]<\/p>\n","protected":false},"featured_media":12043,"template":"","weit_location_category":[274],"class_list":["post-12826","weit_location","type-weit_location","status-publish","has-post-thumbnail","hentry","weit_location_category-kreuzberg"],"acf":[],"_links":{"self":[{"href":"https:\/\/www.aktion-weitblick.de\/ls\/wp-json\/wp\/v2\/weit_locations\/12826","targetHints":{"allow":["GET"]}}],"collection":[{"href":"https:\/\/www.aktion-weitblick.de\/ls\/wp-json\/wp\/v2\/weit_locations"}],"about":[{"href":"https:\/\/www.aktion-weitblick.de\/ls\/wp-json\/wp\/v2\/types\/weit_location"}],"version-history":[{"count":0,"href":"https:\/\/www.aktion-weitblick.de\/ls\/wp-json\/wp\/v2\/weit_locations\/12826\/revisions"}],"wp:featuredmedia":[{"embeddable":true,"href":"https:\/\/www.aktion-weitblick.de\/ls\/wp-json\/wp\/v2\/media\/12043"}],"wp:attachment":[{"href":"https:\/\/www.aktion-weitblick.de\/ls\/wp-json\/wp\/v2\/media?parent=12826"}],"wp:term":[{"taxonomy":"weit_location_category","embeddable":true,"href":"https:\/\/www.aktion-weitblick.de\/ls\/wp-json\/wp\/v2\/weit_location_category?post=12826"}],"curies":[{"name":"wp","href":"https:\/\/api.w.org\/{rel}","templated":true}]}}

WG 13 Wilhelmstraße

<p>Willkommen in der Wohngemeinschaft 13 Wilhelmstraße.</p>
<h2 id="wer-wohnt-hier"><strong>Wer wohnt hier?</strong></h2>
<ul>
<li>7 Menschen mit Lernschwierigkeiten im Alter zwischen 20 und 30 Jahren</li>
<li>Menschen mit und ohne Tagesstruktur</li>
</ul>
<h2 id="raume"><strong>Räume </strong></h2>
<p>Die Räumlichkeiten der Wohngemeinschaft befinden sich im 2. Stock. Sie ist nicht barrierefrei erreichbar.</p>
<ul>
<li>Betreuerbüro</li>
<li>Einzelzimmer: 12 qm</li>
<li>Küche mit Gemeinschaftskühlschrank</li>
<li>Gemeinschaftsraum mit großer Essecke</li>
<li>2 Badezimmer</li>
<li>Keller</li>
<li>die Wohnung ist barrierearm (keine Treppen oder Stufen in der Wohnung)</li>
</ul>
<h2 id="ausstattung"><strong>Ausstattung </strong></h2>
<ul>
<li>Aufzug</li>
<li>Waschmaschine</li>
<li>TV-Anschluss</li>
<li>Telefon</li>
</ul>
<h2 id="so-leben-wir-hier"><strong>So leben wir hier</strong></h2>
<p>Die Bewohner in unserer Wohngemeinschaft werden montags bis freitags stundenweise betreut. In der Wohnung machen wir viel gemeinsam: wir kochen, wir haben eine Haushaltskasse und auch beim Wohnungsputz sind wir alle gefragt.</p>
<p>Einmal in der Woche findet unsere Gruppensitzung statt. Jeder von uns nimmt an festen Einzelterminen mit den Betreuern teil.</p>
<p>Wer möchte, geht begleitet einkaufen, um sich selbst zu versorgen oder sucht sich Unterstützung in Fragen der Geldverwaltung oder Geldeinteilung.</p>
<p>Nicht zu vergessen: Kleintierhaltung ist nach Absprache und Genehmigung möglich.</p>
<h2 id="freizeit-pur"><strong>Freizeit pur</strong></h2>
<p>Wir veranstalten gerne gemeinsame Freizeitaktivitäten oder Ausflüge. Manchmal machen wir auch zusammen eine Reise. Da unsere Wohngemeinschaft mitten in Berlin liegt, ist immer etwas geboten: Der Potsdamer Platz und die Friedrichstraße befinden sich in unmittelbarer Nachbarschaft. Den Berliner Reichstag sowie das Brandenburger Tor mit dem Boulevard Unter den Linden können wir in wenigen Minuten zu Fuß erreichen.</p>
<p>Wer in der Freizeit lieber im Grünen ist, den lädt der große Tiergarten ein: In der Sonne liegen, einen Kaffee trinken, joggen oder spazieren gehen, ganz nach Lust und Laune.</p>
<h2 id="die-umgebung"><strong>Die Umgebung</strong></h2>
<p>In ca. 5 Minuten Fußweg entfernt gibt es kleine und große Einkaufsläden, Kaufhäuser und Supermärkte. Auch Banken und eine Post sind gut zu Fuß zu erreichen.</p>
<p>Weiterhin gibt es in der Nähe:</p>
<ul>
<li>Mitarbeiterbüro Kreuzberg</li>
<li>Arztpraxen</li>
<li>Apotheke</li>
<li>M1 Kliniken (Krankenhaus)</li>
<li>Fitnessstudio</li>
<li>Schwimmhalle Fischerinsel</li>
</ul>
<p>Bushaltestellen, S- und U-Bahnhöfe liegen zu Fuß ca. 5 Minuten entfernt.</p>

<p>Willkommen in der Wohngemeinschaft 13 Wilhelmstraße. Wer wohnt hier? 7 Menschen mit Lernschwierigkeiten im Alter zwischen 20 und 30 Jahren Menschen mit und ohne Tagesstruktur Räume  Die Räumlichkeiten der Wohngemeinschaft befinden sich im 2. Stock. Sie ist nicht barrierefrei erreichbar. Betreuerbüro Einzelzimmer: 12 qm Küche mit Gemeinschaftskühlschrank Gemeinschaftsraum mit großer Essecke 2 Badezimmer Keller die [&hellip;]</p>
