{"id":12825,"date":"2020-02-19T17:58:58","date_gmt":"2020-02-19T16:58:58","guid":{"rendered":"https:\/\/www.aktion-weitblick.de\/standorte\/wg-02-wilhelmstrasse\/"},"modified":"2020-02-19T17:58:58","modified_gmt":"2020-02-19T16:58:58","slug":"wg-02-wilhelmstrasse","status":"publish","type":"weit_location","link":"https:\/\/www.aktion-weitblick.de\/ls\/standorte\/wg-02-wilhelmstrasse\/","title":{"rendered":"WG 02 Wilhelmstra\u00dfe"},"content":{"rendered":"<p>Willkommen in der Wohngemeinschaft 02 Wilhelmstra\u00dfe.<\/p>\n<h2 id=\"wer-wohnt-hier\"><strong>Wer wohnt hier?<\/strong><\/h2>\n<ul>\n<li>4 M\u00e4nner mit Lernschwierigkeiten im Alter zwischen 20 und 30 Jahren<\/li>\n<li>Menschen mit und ohne Tagesstruktur<\/li>\n<\/ul>\n<h2 id=\"raume\"><strong>R\u00e4ume\u00a0<\/strong><\/h2>\n<p>Die R\u00e4umlichkeiten der Wohngemeinschaft befinden sich im 5. Stock.<\/p>\n<ul>\n<li>Betreuerb\u00fcro<\/li>\n<li>Einzelzimmer: 12 qm<\/li>\n<li>K\u00fcche mit Gemeinschaftsk\u00fchlschrank<\/li>\n<li>Gemeinschaftsraum<\/li>\n<li>2 Badezimmer<\/li>\n<li>2 Balkone<\/li>\n<li>Keller<\/li>\n<li>die Wohnung ist barrierearm (keine Treppen oder Stufen in der Wohnung)<\/li>\n<\/ul>\n<h2 id=\"ausstattung\"><strong>Ausstattung\u00a0<\/strong><\/h2>\n<ul>\n<li>Aufzug<\/li>\n<li>Waschmaschine<\/li>\n<li>TV-Anschluss<\/li>\n<li>Telefon<\/li>\n<\/ul>\n<h2 id=\"so-leben-wir-hier\"><strong>So leben wir hier<\/strong><\/h2>\n<p>Die Bewohner in unserer Wohngemeinschaft werden montags bis freitags stundenweise betreut. Wir nehmen alle an der Gruppensitzung statt, die einmal in der Woche stattfindet. Es gibt auch feste Einzeltermine mit den Betreuern. Beim gemeinsamen Wohnungsputz packen wir alle mit an und auch beim Kochen sind wir alle mit dabei. Daf\u00fcr zahlt jeder in die Haushaltskasse ein.<\/p>\n<p>Wer m\u00f6chte, geht begleitet einkaufen, um sich selbst zu versorgen oder sucht sich Unterst\u00fctzung in Fragen der Geldverwaltung oder Geldeinteilung.<\/p>\n<p>Gut zu wissen: Kleintiere sind nach Absprache in der WG herzlich willkommen.<\/p>\n<h2 id=\"freizeit-pur\"><strong>Freizeit pur<\/strong><\/h2>\n<p>Freizeitaktivit\u00e4ten, Ausfl\u00fcge oder manchmal auch eine gemeinsame Reise, in unserer WG gibt es viele M\u00f6glichkeiten, die Freizeit zusammen zu gestalten. Da wir sehr zentral in Berlin liegen, ist aber auch unabh\u00e4ngig von der WG immer einiges geboten: Der Potsdamer Platz und die Friedrichstra\u00dfe sind ganz bei uns in der N\u00e4he. Den Berliner Reichstag und das Brandenburger Tor mit dem Boulevard Unter den Linden k\u00f6nnen wir in wenigen Minuten zu Fu\u00df erreichen.<\/p>\n<p>Wen es ins Gr\u00fcne zieht, der kann in den Tiergarten gehen. Dort kann man Kaffee trinken und spazieren gehen oder einfach nur in der Sonne liegen. Sportbegeisterte k\u00f6nnen hier nat\u00fcrlich auch ihre t\u00e4gliche Joggingrunde drehen.<\/p>\n<h2 id=\"die-umgebung\"><strong>Die Umgebung<\/strong><\/h2>\n<p>In ca. 5 Minuten Fu\u00dfweg entfernt gibt es kleine und gro\u00dfe Einkaufsl\u00e4den, Kaufh\u00e4user und Superm\u00e4rkte. Auch Banken und eine Post sind gut zu Fu\u00df zu erreichen.<\/p>\n<p>Weiterhin gibt es in der N\u00e4he:<\/p>\n<ul>\n<li>Mitarbeiterb\u00fcro Kreuzberg<\/li>\n<li>Arztpraxen<\/li>\n<li>Apotheke<\/li>\n<li>M1 Kliniken (Krankenhaus)<\/li>\n<li>Fitnessstudio<\/li>\n<li>Schwimmhalle Fischerinsel<\/li>\n<\/ul>\n<p>Bushaltestellen, S- und U-Bahnh\u00f6fe liegen zu Fu\u00df ca. 5 Minuten entfernt.<\/p>\n","protected":false},"excerpt":{"rendered":"<p>Willkommen in der Wohngemeinschaft 02 Wilhelmstra\u00dfe. Wer wohnt hier? 4 M\u00e4nner mit Lernschwierigkeiten im Alter zwischen 20 und 30 Jahren Menschen mit und ohne Tagesstruktur R\u00e4ume\u00a0 Die R\u00e4umlichkeiten der Wohngemeinschaft befinden sich im 5. Stock. Betreuerb\u00fcro Einzelzimmer: 12 qm K\u00fcche mit Gemeinschaftsk\u00fchlschrank Gemeinschaftsraum 2 Badezimmer 2 Balkone Keller die Wohnung ist barrierearm (keine Treppen oder [&hellip;]<\/p>\n","protected":false},"featured_media":12043,"template":"","weit_location_category":[274],"class_list":["post-12825","weit_location","type-weit_location","status-publish","has-post-thumbnail","hentry","weit_location_category-kreuzberg"],"acf":[],"_links":{"self":[{"href":"https:\/\/www.aktion-weitblick.de\/ls\/wp-json\/wp\/v2\/weit_locations\/12825","targetHints":{"allow":["GET"]}}],"collection":[{"href":"https:\/\/www.aktion-weitblick.de\/ls\/wp-json\/wp\/v2\/weit_locations"}],"about":[{"href":"https:\/\/www.aktion-weitblick.de\/ls\/wp-json\/wp\/v2\/types\/weit_location"}],"version-history":[{"count":0,"href":"https:\/\/www.aktion-weitblick.de\/ls\/wp-json\/wp\/v2\/weit_locations\/12825\/revisions"}],"wp:featuredmedia":[{"embeddable":true,"href":"https:\/\/www.aktion-weitblick.de\/ls\/wp-json\/wp\/v2\/media\/12043"}],"wp:attachment":[{"href":"https:\/\/www.aktion-weitblick.de\/ls\/wp-json\/wp\/v2\/media?parent=12825"}],"wp:term":[{"taxonomy":"weit_location_category","embeddable":true,"href":"https:\/\/www.aktion-weitblick.de\/ls\/wp-json\/wp\/v2\/weit_location_category?post=12825"}],"curies":[{"name":"wp","href":"https:\/\/api.w.org\/{rel}","templated":true}]}}

WG 02 Wilhelmstraße

<p>Willkommen in der Wohngemeinschaft 02 Wilhelmstraße.</p>
<h2 id="wer-wohnt-hier"><strong>Wer wohnt hier?</strong></h2>
<ul>
<li>4 Männer mit Lernschwierigkeiten im Alter zwischen 20 und 30 Jahren</li>
<li>Menschen mit und ohne Tagesstruktur</li>
</ul>
<h2 id="raume"><strong>Räume </strong></h2>
<p>Die Räumlichkeiten der Wohngemeinschaft befinden sich im 5. Stock.</p>
<ul>
<li>Betreuerbüro</li>
<li>Einzelzimmer: 12 qm</li>
<li>Küche mit Gemeinschaftskühlschrank</li>
<li>Gemeinschaftsraum</li>
<li>2 Badezimmer</li>
<li>2 Balkone</li>
<li>Keller</li>
<li>die Wohnung ist barrierearm (keine Treppen oder Stufen in der Wohnung)</li>
</ul>
<h2 id="ausstattung"><strong>Ausstattung </strong></h2>
<ul>
<li>Aufzug</li>
<li>Waschmaschine</li>
<li>TV-Anschluss</li>
<li>Telefon</li>
</ul>
<h2 id="so-leben-wir-hier"><strong>So leben wir hier</strong></h2>
<p>Die Bewohner in unserer Wohngemeinschaft werden montags bis freitags stundenweise betreut. Wir nehmen alle an der Gruppensitzung statt, die einmal in der Woche stattfindet. Es gibt auch feste Einzeltermine mit den Betreuern. Beim gemeinsamen Wohnungsputz packen wir alle mit an und auch beim Kochen sind wir alle mit dabei. Dafür zahlt jeder in die Haushaltskasse ein.</p>
<p>Wer möchte, geht begleitet einkaufen, um sich selbst zu versorgen oder sucht sich Unterstützung in Fragen der Geldverwaltung oder Geldeinteilung.</p>
<p>Gut zu wissen: Kleintiere sind nach Absprache in der WG herzlich willkommen.</p>
<h2 id="freizeit-pur"><strong>Freizeit pur</strong></h2>
<p>Freizeitaktivitäten, Ausflüge oder manchmal auch eine gemeinsame Reise, in unserer WG gibt es viele Möglichkeiten, die Freizeit zusammen zu gestalten. Da wir sehr zentral in Berlin liegen, ist aber auch unabhängig von der WG immer einiges geboten: Der Potsdamer Platz und die Friedrichstraße sind ganz bei uns in der Nähe. Den Berliner Reichstag und das Brandenburger Tor mit dem Boulevard Unter den Linden können wir in wenigen Minuten zu Fuß erreichen.</p>
<p>Wen es ins Grüne zieht, der kann in den Tiergarten gehen. Dort kann man Kaffee trinken und spazieren gehen oder einfach nur in der Sonne liegen. Sportbegeisterte können hier natürlich auch ihre tägliche Joggingrunde drehen.</p>
<h2 id="die-umgebung"><strong>Die Umgebung</strong></h2>
<p>In ca. 5 Minuten Fußweg entfernt gibt es kleine und große Einkaufsläden, Kaufhäuser und Supermärkte. Auch Banken und eine Post sind gut zu Fuß zu erreichen.</p>
<p>Weiterhin gibt es in der Nähe:</p>
<ul>
<li>Mitarbeiterbüro Kreuzberg</li>
<li>Arztpraxen</li>
<li>Apotheke</li>
<li>M1 Kliniken (Krankenhaus)</li>
<li>Fitnessstudio</li>
<li>Schwimmhalle Fischerinsel</li>
</ul>
<p>Bushaltestellen, S- und U-Bahnhöfe liegen zu Fuß ca. 5 Minuten entfernt.</p>

<p>Willkommen in der Wohngemeinschaft 02 Wilhelmstraße. Wer wohnt hier? 4 Männer mit Lernschwierigkeiten im Alter zwischen 20 und 30 Jahren Menschen mit und ohne Tagesstruktur Räume  Die Räumlichkeiten der Wohngemeinschaft befinden sich im 5. Stock. Betreuerbüro Einzelzimmer: 12 qm Küche mit Gemeinschaftskühlschrank Gemeinschaftsraum 2 Badezimmer 2 Balkone Keller die Wohnung ist barrierearm (keine Treppen oder [&hellip;]</p>
