{"id":12824,"date":"2020-02-19T18:00:46","date_gmt":"2020-02-19T17:00:46","guid":{"rendered":"https:\/\/www.aktion-weitblick.de\/standorte\/wg-kochstrasse\/"},"modified":"2026-04-13T08:37:05","modified_gmt":"2026-04-13T06:37:05","slug":"wg-kochstrasse","status":"publish","type":"weit_location","link":"https:\/\/www.aktion-weitblick.de\/ls\/standorte\/wg-kochstrasse\/","title":{"rendered":"WG Kochstra\u00dfe"},"content":{"rendered":"<p>Willkommen in der Wohngemeinschaft Kochstra\u00dfe.<\/p>\n<h2 id=\"wer-wohnt-hier\"><strong>Wer wohnt hier?<\/strong><\/h2>\n<ul>\n<li>5 M\u00e4nner mit Lernschwierigkeiten im Alter zwischen 20 und 25 Jahren<\/li>\n<li>Menschen mit und ohne Tagesstruktur<\/li>\n<\/ul>\n<h2 id=\"raume\"><strong>R\u00e4ume\u00a0<\/strong><\/h2>\n<p>Die R\u00e4umlichkeiten der Wohngemeinschaft befinden sich im 1. Stock.<\/p>\n<ul>\n<li>Betreuerb\u00fcro<\/li>\n<li>Einzelzimmer:15 qm<\/li>\n<li>K\u00fcche mit Gemeinschaftsk\u00fchlschrank<\/li>\n<li>Gemeinschaftsraum<\/li>\n<li>Badezimmer, 2 Toiletten<\/li>\n<li>Keller<\/li>\n<li>Gesamtwohnfl\u00e4che: 130 qm<\/li>\n<li>die Wohnung ist barrierearm (keine Treppen oder Stufen in der Wohnung)<\/li>\n<\/ul>\n<h2 id=\"ausstattung\"><strong>Ausstattung\u00a0<\/strong><\/h2>\n<ul>\n<li>Aufzug<\/li>\n<li>Waschmaschine<\/li>\n<li>TV-Anschluss im Zimmer<\/li>\n<li>Telefon<\/li>\n<\/ul>\n<h2 id=\"so-leben-wir-hier\"><strong>So leben wir hier<\/strong><\/h2>\n<p>Die Bewohner in unserer Wohngemeinschaft werden montags bis freitags stundenweise betreut. Einmal in der Woche findet unsere Gruppensitzung statt.<\/p>\n<p>Am gemeinsamen Wohnungsputz nehmen wir alle teil. Auch das Kochen \u00fcbernehmen wir in der Gruppe. Daf\u00fcr zahlt jeder in die Haushaltskasse ein.<\/p>\n<p>Jeder von uns hat feste Einzelterminen mit den Betreuern. Wer m\u00f6chte, geht begleitet einkaufen, um sich selbst zu versorgen oder sucht sich Unterst\u00fctzung in Fragen der Geldverwaltung und Geldeinteilung.<\/p>\n<p>Nach Absprache steht auch kleinen Haustieren in der WG nichts im Wege.<\/p>\n<h2 id=\"freizeit-pur\"><strong>Freizeit pur<\/strong><\/h2>\n<p>Unsere Wohngemeinschaft liegt im Herzen von Berlin \u2013 was will man mehr? Der Potsdamer Platz und die Friedrichstra\u00dfe befinden sich in unmittelbarer Nachbarschaft. Den Berliner Reichstag sowie das Brandenburger Tor mit dem Boulevard Unter den Linden k\u00f6nnen wir in wenigen Minuten zu Fu\u00df erreichen.<\/p>\n<p>Wer in der Freizeit lieber im Gr\u00fcnen ist, den l\u00e4dt der gro\u00dfe Tiergarten ein: In der Sonne liegen, einen Kaffee trinken, joggen oder spazieren gehen ist alles im Park m\u00f6glich.<\/p>\n<p>Wir veranstalten aber auch gemeinsame Freizeitaktivit\u00e4ten, organisieren Ausfl\u00fcge oder unternehmen zusammen eine Reise.<\/p>\n<h2 id=\"die-umgebung\"><strong>Die Umgebung<\/strong><\/h2>\n<p>In ca. 5 Minuten Fu\u00dfweg entfernt gibt es kleine und gro\u00dfe Einkaufsl\u00e4den, Kaufh\u00e4user und Superm\u00e4rkte. Auch Banken und eine Post sind gut zu Fu\u00df zu erreichen.<\/p>\n<p>Weiterhin gibt es in der N\u00e4he:<\/p>\n<ul>\n<li>Mitarbeiterb\u00fcro Kreuzberg<\/li>\n<li>Arztpraxen<\/li>\n<li>Apotheke<\/li>\n<li>M1 Kliniken (Krankenhaus)<\/li>\n<li>Fitnessstudio<\/li>\n<li>Schwimmhalle Fischerinsel<\/li>\n<\/ul>\n<p>Die Bushaltestellen, S- und U-Bahnh\u00f6fe liegen zu Fu\u00df ca. 5 Minuten entfernt.<\/p>\n","protected":false},"excerpt":{"rendered":"<p>Willkommen in der Wohngemeinschaft Kochstra\u00dfe. Wer wohnt hier? 5 M\u00e4nner mit Lernschwierigkeiten im Alter zwischen 20 und 25 Jahren Menschen mit und ohne Tagesstruktur R\u00e4ume\u00a0 Die R\u00e4umlichkeiten der Wohngemeinschaft befinden sich im 1. Stock. Betreuerb\u00fcro Einzelzimmer:15 qm K\u00fcche mit Gemeinschaftsk\u00fchlschrank Gemeinschaftsraum Badezimmer, 2 Toiletten Keller Gesamtwohnfl\u00e4che: 130 qm die Wohnung ist barrierearm (keine Treppen oder [&hellip;]<\/p>\n","protected":false},"featured_media":12043,"template":"","weit_location_category":[274],"class_list":["post-12824","weit_location","type-weit_location","status-publish","has-post-thumbnail","hentry","weit_location_category-kreuzberg"],"acf":[],"_links":{"self":[{"href":"https:\/\/www.aktion-weitblick.de\/ls\/wp-json\/wp\/v2\/weit_locations\/12824","targetHints":{"allow":["GET"]}}],"collection":[{"href":"https:\/\/www.aktion-weitblick.de\/ls\/wp-json\/wp\/v2\/weit_locations"}],"about":[{"href":"https:\/\/www.aktion-weitblick.de\/ls\/wp-json\/wp\/v2\/types\/weit_location"}],"version-history":[{"count":1,"href":"https:\/\/www.aktion-weitblick.de\/ls\/wp-json\/wp\/v2\/weit_locations\/12824\/revisions"}],"predecessor-version":[{"id":13643,"href":"https:\/\/www.aktion-weitblick.de\/ls\/wp-json\/wp\/v2\/weit_locations\/12824\/revisions\/13643"}],"wp:featuredmedia":[{"embeddable":true,"href":"https:\/\/www.aktion-weitblick.de\/ls\/wp-json\/wp\/v2\/media\/12043"}],"wp:attachment":[{"href":"https:\/\/www.aktion-weitblick.de\/ls\/wp-json\/wp\/v2\/media?parent=12824"}],"wp:term":[{"taxonomy":"weit_location_category","embeddable":true,"href":"https:\/\/www.aktion-weitblick.de\/ls\/wp-json\/wp\/v2\/weit_location_category?post=12824"}],"curies":[{"name":"wp","href":"https:\/\/api.w.org\/{rel}","templated":true}]}}

WG Kochstraße

<p>Willkommen in der Wohngemeinschaft Kochstraße.</p>
<h2 id="wer-wohnt-hier"><strong>Wer wohnt hier?</strong></h2>
<ul>
<li>5 Männer mit Lernschwierigkeiten im Alter zwischen 20 und 25 Jahren</li>
<li>Menschen mit und ohne Tagesstruktur</li>
</ul>
<h2 id="raume"><strong>Räume </strong></h2>
<p>Die Räumlichkeiten der Wohngemeinschaft befinden sich im 1. Stock.</p>
<ul>
<li>Betreuerbüro</li>
<li>Einzelzimmer:15 qm</li>
<li>Küche mit Gemeinschaftskühlschrank</li>
<li>Gemeinschaftsraum</li>
<li>Badezimmer, 2 Toiletten</li>
<li>Keller</li>
<li>Gesamtwohnfläche: 130 qm</li>
<li>die Wohnung ist barrierearm (keine Treppen oder Stufen in der Wohnung)</li>
</ul>
<h2 id="ausstattung"><strong>Ausstattung </strong></h2>
<ul>
<li>Aufzug</li>
<li>Waschmaschine</li>
<li>TV-Anschluss im Zimmer</li>
<li>Telefon</li>
</ul>
<h2 id="so-leben-wir-hier"><strong>So leben wir hier</strong></h2>
<p>Die Bewohner in unserer Wohngemeinschaft werden montags bis freitags stundenweise betreut. Einmal in der Woche findet unsere Gruppensitzung statt.</p>
<p>Am gemeinsamen Wohnungsputz nehmen wir alle teil. Auch das Kochen übernehmen wir in der Gruppe. Dafür zahlt jeder in die Haushaltskasse ein.</p>
<p>Jeder von uns hat feste Einzelterminen mit den Betreuern. Wer möchte, geht begleitet einkaufen, um sich selbst zu versorgen oder sucht sich Unterstützung in Fragen der Geldverwaltung und Geldeinteilung.</p>
<p>Nach Absprache steht auch kleinen Haustieren in der WG nichts im Wege.</p>
<h2 id="freizeit-pur"><strong>Freizeit pur</strong></h2>
<p>Unsere Wohngemeinschaft liegt im Herzen von Berlin – was will man mehr? Der Potsdamer Platz und die Friedrichstraße befinden sich in unmittelbarer Nachbarschaft. Den Berliner Reichstag sowie das Brandenburger Tor mit dem Boulevard Unter den Linden können wir in wenigen Minuten zu Fuß erreichen.</p>
<p>Wer in der Freizeit lieber im Grünen ist, den lädt der große Tiergarten ein: In der Sonne liegen, einen Kaffee trinken, joggen oder spazieren gehen ist alles im Park möglich.</p>
<p>Wir veranstalten aber auch gemeinsame Freizeitaktivitäten, organisieren Ausflüge oder unternehmen zusammen eine Reise.</p>
<h2 id="die-umgebung"><strong>Die Umgebung</strong></h2>
<p>In ca. 5 Minuten Fußweg entfernt gibt es kleine und große Einkaufsläden, Kaufhäuser und Supermärkte. Auch Banken und eine Post sind gut zu Fuß zu erreichen.</p>
<p>Weiterhin gibt es in der Nähe:</p>
<ul>
<li>Mitarbeiterbüro Kreuzberg</li>
<li>Arztpraxen</li>
<li>Apotheke</li>
<li>M1 Kliniken (Krankenhaus)</li>
<li>Fitnessstudio</li>
<li>Schwimmhalle Fischerinsel</li>
</ul>
<p>Die Bushaltestellen, S- und U-Bahnhöfe liegen zu Fuß ca. 5 Minuten entfernt.</p>

<p>Willkommen in der Wohngemeinschaft Kochstraße. Wer wohnt hier? 5 Männer mit Lernschwierigkeiten im Alter zwischen 20 und 25 Jahren Menschen mit und ohne Tagesstruktur Räume  Die Räumlichkeiten der Wohngemeinschaft befinden sich im 1. Stock. Betreuerbüro Einzelzimmer:15 qm Küche mit Gemeinschaftskühlschrank Gemeinschaftsraum Badezimmer, 2 Toiletten Keller Gesamtwohnfläche: 130 qm die Wohnung ist barrierearm (keine Treppen oder [&hellip;]</p>
