{"id":12823,"date":"2020-02-19T18:02:39","date_gmt":"2020-02-19T17:02:39","guid":{"rendered":"https:\/\/www.aktion-weitblick.de\/standorte\/wg-baruther-strasse\/"},"modified":"2020-02-19T18:02:39","modified_gmt":"2020-02-19T17:02:39","slug":"wg-baruther-strasse","status":"publish","type":"weit_location","link":"https:\/\/www.aktion-weitblick.de\/ls\/standorte\/wg-baruther-strasse\/","title":{"rendered":"WG Baruther Stra\u00dfe"},"content":{"rendered":"<p>Willkommen in der Wohngemeinschaft Baruther Stra\u00dfe mit insgesamt f\u00fcnf Bewohner*innen. Davon ist ein Platz derzeit unbesetzt.<\/p>\n<h2 id=\"wer-wohnt-hier\"><strong>Wer wohnt hier?<\/strong><\/h2>\n<ul>\n<li>M\u00e4nner und Frau zwischen 22 und 45 Jahren mit Lernschwierigkeiten<\/li>\n<li>Menschen mit und ohne Tagesstruktur<\/li>\n<\/ul>\n<h2 id=\"raume\"><strong>R\u00e4ume <\/strong><\/h2>\n<p>Die R\u00e4umlichkeiten der Wohngemeinschaft befinden sich im Hochparterre.<\/p>\n<ul>\n<li>K\u00fcche<\/li>\n<li>gro\u00dfer Gemeinschaftsraum<\/li>\n<li>Betreuerb\u00fcro<\/li>\n<li>2 B\u00e4der<\/li>\n<li>Gesamtwohnfl\u00e4che: 187 qm<\/li>\n<li>die Wohnung selbst ist barrierearm: ohne Treppen und Stufen<\/li>\n<\/ul>\n<h2 id=\"ausstattung\"><strong>Ausstattung <\/strong><\/h2>\n<ul>\n<li>Waschmaschinen<\/li>\n<li>Gemeinschaftsk\u00fchlschrank<\/li>\n<li>TV-Anschluss im Zimmer<\/li>\n<li>Telefon<\/li>\n<\/ul>\n<h2 id=\"so-leben-wir-hier\"><strong>So leben wir hier<\/strong><\/h2>\n<p>Die Bewohner der Wohngemeinschaft werden t\u00e4glich tags\u00fcber betreut.<\/p>\n<p>In unserem Wochenplan legen wir die gemeinsamen Aufgaben fest. Zum Beispiel das gemeinsame Kochen und die Mahlzeiten. Auch unsere Gruppensitzung und Einzeltermine geh\u00f6ren dazu.<\/p>\n<p>Jeder von uns zahlt in die Haushaltskasse ein und ist regelm\u00e4\u00dfig f\u00fcr das Putzamt zust\u00e4ndig. Es gibt freiwillige Termine, wie das Fr\u00fchst\u00fcck am Dienstag, Donnerstag und an den Wochenenden und feste Termine wie unsere Gruppensitzung am Mittwoch, die Hauswirtschaft am Donnerstag und unsere Mittagessen am Freitag.<\/p>\n<p>Je nach Bedarf gehen wir begleitet einkaufen, besuchen \u00c4rzte, vermitteln au\u00dferh\u00e4usliche Tagesstruktur oder besprechen Themen zur Geldverwaltung. Nach Absprache k\u00f6nnen wir \u00fcbrigens auch kleine Haustiere halten.<\/p>\n<h2 id=\"freizeit-pur\"><strong>Freizeit pur<\/strong><\/h2>\n<p>Die Wohngemeinschaft liegt in der N\u00e4he des ehemaligen Flughafens Tempelhof.<\/p>\n<p>In dieser Umgebung findet man viele verschiedene Kultur- und Freizeitangebote wie BKA-Theater, Prinzenbad, Landwehrkanal, Gleisdreieck-Park und Kreuzberg.<\/p>\n<p>Aber auch in unserer Wohngemeinschaft nehmen wir an verschiedenen Freizeit- und Kreativangeboten teil. So machen wir Kanalfahrten, gehen ins Schwimmbad oder an den See, schauen Filme im Kino oder gehen in den Park.<\/p>\n<h2 id=\"die-umgebung\"><strong>Die Umgebung<\/strong><\/h2>\n<p>5 Minuten zu Fu\u00df entfernt gibt es verschiedene Einkaufsm\u00f6glichkeiten wie Superm\u00e4rkte und andere L\u00e4den f\u00fcr den t\u00e4glichen Bedarf. Post? Bank?<\/p>\n<p>Weiterhin gibt es in der N\u00e4he:<\/p>\n<ul>\n<li>Gastronomische Angebote im Bergmannkiez<\/li>\n<li>Verschiedene\u00a0 Apotheken<\/li>\n<li>Urban Krankenhaus<\/li>\n<li>Prinzenbad<\/li>\n<li>Gleisdreieck Park, Kreuzberg Park<\/li>\n<li>Curry 36<\/li>\n<li>Mustafas<\/li>\n<li>BKA Theater<\/li>\n<\/ul>\n<p>Die Busverbindungen sind gut und auch der n\u00e4chste U-Bahnhof ist schnell erreicht.<\/p>\n","protected":false},"excerpt":{"rendered":"<p>Willkommen in der Wohngemeinschaft Baruther Stra\u00dfe mit insgesamt f\u00fcnf Bewohner*innen. Davon ist ein Platz derzeit unbesetzt. Wer wohnt hier? M\u00e4nner und Frau zwischen 22 und 45 Jahren mit Lernschwierigkeiten Menschen mit und ohne Tagesstruktur R\u00e4ume Die R\u00e4umlichkeiten der Wohngemeinschaft befinden sich im Hochparterre. K\u00fcche gro\u00dfer Gemeinschaftsraum Betreuerb\u00fcro 2 B\u00e4der Gesamtwohnfl\u00e4che: 187 qm die Wohnung selbst [&hellip;]<\/p>\n","protected":false},"featured_media":12043,"template":"","weit_location_category":[274],"class_list":["post-12823","weit_location","type-weit_location","status-publish","has-post-thumbnail","hentry","weit_location_category-kreuzberg"],"acf":[],"_links":{"self":[{"href":"https:\/\/www.aktion-weitblick.de\/ls\/wp-json\/wp\/v2\/weit_locations\/12823","targetHints":{"allow":["GET"]}}],"collection":[{"href":"https:\/\/www.aktion-weitblick.de\/ls\/wp-json\/wp\/v2\/weit_locations"}],"about":[{"href":"https:\/\/www.aktion-weitblick.de\/ls\/wp-json\/wp\/v2\/types\/weit_location"}],"version-history":[{"count":0,"href":"https:\/\/www.aktion-weitblick.de\/ls\/wp-json\/wp\/v2\/weit_locations\/12823\/revisions"}],"wp:featuredmedia":[{"embeddable":true,"href":"https:\/\/www.aktion-weitblick.de\/ls\/wp-json\/wp\/v2\/media\/12043"}],"wp:attachment":[{"href":"https:\/\/www.aktion-weitblick.de\/ls\/wp-json\/wp\/v2\/media?parent=12823"}],"wp:term":[{"taxonomy":"weit_location_category","embeddable":true,"href":"https:\/\/www.aktion-weitblick.de\/ls\/wp-json\/wp\/v2\/weit_location_category?post=12823"}],"curies":[{"name":"wp","href":"https:\/\/api.w.org\/{rel}","templated":true}]}}

WG Baruther Straße

<p>Willkommen in der Wohngemeinschaft Baruther Straße mit insgesamt fünf Bewohner*innen. Davon ist ein Platz derzeit unbesetzt.</p>
<h2 id="wer-wohnt-hier"><strong>Wer wohnt hier?</strong></h2>
<ul>
<li>Männer und Frau zwischen 22 und 45 Jahren mit Lernschwierigkeiten</li>
<li>Menschen mit und ohne Tagesstruktur</li>
</ul>
<h2 id="raume"><strong>Räume </strong></h2>
<p>Die Räumlichkeiten der Wohngemeinschaft befinden sich im Hochparterre.</p>
<ul>
<li>Küche</li>
<li>großer Gemeinschaftsraum</li>
<li>Betreuerbüro</li>
<li>2 Bäder</li>
<li>Gesamtwohnfläche: 187 qm</li>
<li>die Wohnung selbst ist barrierearm: ohne Treppen und Stufen</li>
</ul>
<h2 id="ausstattung"><strong>Ausstattung </strong></h2>
<ul>
<li>Waschmaschinen</li>
<li>Gemeinschaftskühlschrank</li>
<li>TV-Anschluss im Zimmer</li>
<li>Telefon</li>
</ul>
<h2 id="so-leben-wir-hier"><strong>So leben wir hier</strong></h2>
<p>Die Bewohner der Wohngemeinschaft werden täglich tagsüber betreut.</p>
<p>In unserem Wochenplan legen wir die gemeinsamen Aufgaben fest. Zum Beispiel das gemeinsame Kochen und die Mahlzeiten. Auch unsere Gruppensitzung und Einzeltermine gehören dazu.</p>
<p>Jeder von uns zahlt in die Haushaltskasse ein und ist regelmäßig für das Putzamt zuständig. Es gibt freiwillige Termine, wie das Frühstück am Dienstag, Donnerstag und an den Wochenenden und feste Termine wie unsere Gruppensitzung am Mittwoch, die Hauswirtschaft am Donnerstag und unsere Mittagessen am Freitag.</p>
<p>Je nach Bedarf gehen wir begleitet einkaufen, besuchen Ärzte, vermitteln außerhäusliche Tagesstruktur oder besprechen Themen zur Geldverwaltung. Nach Absprache können wir übrigens auch kleine Haustiere halten.</p>
<h2 id="freizeit-pur"><strong>Freizeit pur</strong></h2>
<p>Die Wohngemeinschaft liegt in der Nähe des ehemaligen Flughafens Tempelhof.</p>
<p>In dieser Umgebung findet man viele verschiedene Kultur- und Freizeitangebote wie BKA-Theater, Prinzenbad, Landwehrkanal, Gleisdreieck-Park und Kreuzberg.</p>
<p>Aber auch in unserer Wohngemeinschaft nehmen wir an verschiedenen Freizeit- und Kreativangeboten teil. So machen wir Kanalfahrten, gehen ins Schwimmbad oder an den See, schauen Filme im Kino oder gehen in den Park.</p>
<h2 id="die-umgebung"><strong>Die Umgebung</strong></h2>
<p>5 Minuten zu Fuß entfernt gibt es verschiedene Einkaufsmöglichkeiten wie Supermärkte und andere Läden für den täglichen Bedarf. Post? Bank?</p>
<p>Weiterhin gibt es in der Nähe:</p>
<ul>
<li>Gastronomische Angebote im Bergmannkiez</li>
<li>Verschiedene  Apotheken</li>
<li>Urban Krankenhaus</li>
<li>Prinzenbad</li>
<li>Gleisdreieck Park, Kreuzberg Park</li>
<li>Curry 36</li>
<li>Mustafas</li>
<li>BKA Theater</li>
</ul>
<p>Die Busverbindungen sind gut und auch der nächste U-Bahnhof ist schnell erreicht.</p>

<p>Willkommen in der Wohngemeinschaft Baruther Straße mit insgesamt fünf Bewohner*innen. Davon ist ein Platz derzeit unbesetzt. Wer wohnt hier? Männer und Frau zwischen 22 und 45 Jahren mit Lernschwierigkeiten Menschen mit und ohne Tagesstruktur Räume Die Räumlichkeiten der Wohngemeinschaft befinden sich im Hochparterre. Küche großer Gemeinschaftsraum Betreuerbüro 2 Bäder Gesamtwohnfläche: 187 qm die Wohnung selbst [&hellip;]</p>
