{"id":12821,"date":"2020-02-19T18:12:23","date_gmt":"2020-02-19T17:12:23","guid":{"rendered":"https:\/\/www.aktion-weitblick.de\/standorte\/wg-albrechtstrasse\/"},"modified":"2026-02-12T09:29:58","modified_gmt":"2026-02-12T08:29:58","slug":"wg-albrechtstrasse","status":"publish","type":"weit_location","link":"https:\/\/www.aktion-weitblick.de\/ls\/standorte\/wg-albrechtstrasse\/","title":{"rendered":"WG Albrecht\u00b7stra\u00dfe"},"content":{"rendered":"<p>Willkommen in der Wohn\u00b7gemeinschaft Albrecht\u00b7stra\u00dfe<\/p>\n<h2 id=\"wer-wohnt-hier\"><strong>Wer wohnt hier?<\/strong><\/h2>\n<ul>\n<li>12 erwachsene Menschen mit Lern\u00b7schwierigkeiten.<br \/>Sie sind zwischen 21 und 47 Jahren alt.<\/li>\n<li>Menschen mit zus\u00e4tzlichen psychischen Beeintr\u00e4chtigungen<\/li>\n<\/ul>\n<h2 id=\"raume\"><strong>R\u00e4ume <\/strong><\/h2>\n<p>Die Wohn\u00b7gemeinschaft ist in einem Miet\u00b7wohn\u00b7haus.<br \/>Sie ist im 1. und 2. Ober\u00b7geschoss.  <\/p>\n<ul>\n<li>Die Wohnungen sind auf 2 Etagen verteilt.<\/li>\n<li>Sie sind \u00fcber eine Treppe miteinander verbunden.<\/li>\n<li>Jeweils 6 Einzel\u00b7zimmer<\/li>\n<li>K\u00fcche<\/li>\n<li>Essraum<\/li>\n<li>Wohn\u00b7zimmer<\/li>\n<li>PC-Nutzung m\u00f6glich<\/li>\n<li>Bad\u00b7zimmer mit Dusche oder Bade\u00b7wanne<\/li>\n<li>Gesamt\u00b7wohn\u00b7fl\u00e4che: 230 Quadrat\u00b7meter<\/li>\n<li>Die Wohnungen sind nicht barriere\u00b7frei.<\/li>\n<\/ul>\n<h2 id=\"ausstattung\"><strong>Ausstattung <\/strong><\/h2>\n<ul>\n<li>Wasch\u00b7maschine<\/li>\n<\/ul>\n<h2 id=\"so-leben-wir-hier\"><strong>So leben wir hier<\/strong><\/h2>\n<p>Die Bewohner und Bewohnerinnen in unserer Wohn\u00b7gemeinschaft werden betreut.<br \/>Das ist an 7 Tagen die Woche.<br \/>Die Betreuung richtet sich nach dem Bedarf.<br \/>An den Wochen\u00b7enden gibt es eine 8-st\u00fcndige Kern\u00b7betreuungs\u00b7zeit.<br \/>Es gibt ein gemeinsames Abend\u00b7essen.<br \/>Einer kocht oder bereitet das Essen vor.  <\/p>\n<p>Morgens k\u00f6nnen wir gemeinsam zu \u00c4mtern und Beh\u00f6rden gehen.<br \/>Das machen wir, wann immer es n\u00f6tig ist.<\/p>\n<p>Regelm\u00e4\u00dfig finden Einzel\u00b7gespr\u00e4che und Gruppen\u00b7sitzungen statt. Dort kl\u00e4ren wir auch Probleme, falls es welche gibt.<br \/>In der w\u00f6chentlichen Gruppen\u00b7sitzung besprechen wir:<br \/>Den Putz\u00b7plan<br \/>Gemeinsame Freizeit\u00b7aktivit\u00e4ten  <\/p>\n<p>Jeder kann sich an den gemeinsamen Aktivit\u00e4ten beteiligen.<br \/>Aber jeder findet auch Raum f\u00fcr eigene Interessen. <\/p>\n<h2 id=\"freizeit-pur\"><strong>Freizeit pur<\/strong><\/h2>\n<p>Ob Spiele\u00b7abend, St\u00e4dte\u00b7touren oder Kino\u00b7besuch \u2013 in unserem Freizeit\u00b7club planen wir immer wieder gemeinsam neue Aktivit\u00e4ten.<br \/>Im Sommer lockt der nahe\u00b7gelegene Park. Dort gibt es:<br \/>Mini\u00b7golf<br \/>Tisch\u00b7tennis\u00b7platte<br \/>Eine kleine Veranstaltungs\u00b7b\u00fchne <\/p>\n<p>Wer gerne schwimmt, kann das Hallen\u00b7bad oder Frei\u00b7bad besuchen.<\/p>\n<p>Nicht zu vergessen: Sterne gucken im Planetarium.<\/p>\n<p>Im Hobby\u00b7raum kann man au\u00dferdem malen.<br \/>Dort ist auch der Computer mit Internet\u00b7zugang. <\/p>\n<h2 id=\"die-umgebung\"><strong>Die Umgebung<\/strong><\/h2>\n<p>Nach etwa 5 Minuten zu Fu\u00df:<br \/>&#8211; Super\u00b7m\u00e4rkte<br \/>&#8211; Kleine Gesch\u00e4fte f\u00fcr den t\u00e4glichen Bedarf<br \/>&#8211; G\u00fcnstige Restaurants<br \/>&#8211; Banken<br \/>&#8211; Post <\/p>\n<p>In der N\u00e4he gibt es auch:<\/p>\n<ul>\n<li>Arzt\u00b7praxen<\/li>\n<li>Universit\u00e4ts\u00b7klinikum Benjamin Franklin<\/li>\n<li>Auguste-Viktoria-Kranken\u00b7haus<\/li>\n<li>Einkaufs\u00b7stra\u00dfe Schlo\u00df\u00b7stra\u00dfe mit vielen Gesch\u00e4ften und Kauf\u00b7h\u00e4usern<\/li>\n<li>verschiedene Kultur\u00b7angebote<\/li>\n<\/ul>\n<p>Die Bus\u00b7haltestelle ist direkt vor der T\u00fcr.<br \/>Die n\u00e4chsten U-Bahnh\u00f6fe und S-Bahnh\u00f6fe sind mit dem Bus erreichbar.<br \/>Das dauert 10 bis 15 Minuten.<br \/>Der Bus f\u00e4hrt regelm\u00e4\u00dfig. <\/p>\n","protected":false},"excerpt":{"rendered":"<p>Willkommen in der Wohn\u00b7gemeinschaft Albrecht\u00b7stra\u00dfe Wer wohnt hier? 12 erwachsene Menschen mit Lern\u00b7schwierigkeiten.Sie sind zwischen 21 und 47 Jahren alt. Menschen mit zus\u00e4tzlichen psychischen Beeintr\u00e4chtigungen R\u00e4ume Die Wohn\u00b7gemeinschaft ist in einem Miet\u00b7wohn\u00b7haus.Sie ist im 1. und 2. Ober\u00b7geschoss. Die Wohnungen sind auf 2 Etagen verteilt. Sie sind \u00fcber eine Treppe miteinander verbunden. Jeweils 6 Einzel\u00b7zimmer [&hellip;]<\/p>\n","protected":false},"featured_media":12043,"template":"","weit_location_category":[276],"class_list":["post-12821","weit_location","type-weit_location","status-publish","has-post-thumbnail","hentry","weit_location_category-steglitz-z"],"acf":[],"_links":{"self":[{"href":"https:\/\/www.aktion-weitblick.de\/ls\/wp-json\/wp\/v2\/weit_locations\/12821","targetHints":{"allow":["GET"]}}],"collection":[{"href":"https:\/\/www.aktion-weitblick.de\/ls\/wp-json\/wp\/v2\/weit_locations"}],"about":[{"href":"https:\/\/www.aktion-weitblick.de\/ls\/wp-json\/wp\/v2\/types\/weit_location"}],"version-history":[{"count":1,"href":"https:\/\/www.aktion-weitblick.de\/ls\/wp-json\/wp\/v2\/weit_locations\/12821\/revisions"}],"predecessor-version":[{"id":12925,"href":"https:\/\/www.aktion-weitblick.de\/ls\/wp-json\/wp\/v2\/weit_locations\/12821\/revisions\/12925"}],"wp:featuredmedia":[{"embeddable":true,"href":"https:\/\/www.aktion-weitblick.de\/ls\/wp-json\/wp\/v2\/media\/12043"}],"wp:attachment":[{"href":"https:\/\/www.aktion-weitblick.de\/ls\/wp-json\/wp\/v2\/media?parent=12821"}],"wp:term":[{"taxonomy":"weit_location_category","embeddable":true,"href":"https:\/\/www.aktion-weitblick.de\/ls\/wp-json\/wp\/v2\/weit_location_category?post=12821"}],"curies":[{"name":"wp","href":"https:\/\/api.w.org\/{rel}","templated":true}]}}

WG Albrecht·straße

<p>Willkommen in der Wohn·gemeinschaft Albrecht·straße</p>
<h2 id="wer-wohnt-hier"><strong>Wer wohnt hier?</strong></h2>
<ul>
<li>12 erwachsene Menschen mit Lern·schwierigkeiten.<br />Sie sind zwischen 21 und 47 Jahren alt.</li>
<li>Menschen mit zusätzlichen psychischen Beeinträchtigungen</li>
</ul>
<h2 id="raume"><strong>Räume </strong></h2>
<p>Die Wohn·gemeinschaft ist in einem Miet·wohn·haus.<br />Sie ist im 1. und 2. Ober·geschoss.  </p>
<ul>
<li>Die Wohnungen sind auf 2 Etagen verteilt.</li>
<li>Sie sind über eine Treppe miteinander verbunden.</li>
<li>Jeweils 6 Einzel·zimmer</li>
<li>Küche</li>
<li>Essraum</li>
<li>Wohn·zimmer</li>
<li>PC-Nutzung möglich</li>
<li>Bad·zimmer mit Dusche oder Bade·wanne</li>
<li>Gesamt·wohn·fläche: 230 Quadrat·meter</li>
<li>Die Wohnungen sind nicht barriere·frei.</li>
</ul>
<h2 id="ausstattung"><strong>Ausstattung </strong></h2>
<ul>
<li>Wasch·maschine</li>
</ul>
<h2 id="so-leben-wir-hier"><strong>So leben wir hier</strong></h2>
<p>Die Bewohner und Bewohnerinnen in unserer Wohn·gemeinschaft werden betreut.<br />Das ist an 7 Tagen die Woche.<br />Die Betreuung richtet sich nach dem Bedarf.<br />An den Wochen·enden gibt es eine 8-stündige Kern·betreuungs·zeit.<br />Es gibt ein gemeinsames Abend·essen.<br />Einer kocht oder bereitet das Essen vor.  </p>
<p>Morgens können wir gemeinsam zu Ämtern und Behörden gehen.<br />Das machen wir, wann immer es nötig ist.</p>
<p>Regelmäßig finden Einzel·gespräche und Gruppen·sitzungen statt. Dort klären wir auch Probleme, falls es welche gibt.<br />In der wöchentlichen Gruppen·sitzung besprechen wir:<br />Den Putz·plan<br />Gemeinsame Freizeit·aktivitäten  </p>
<p>Jeder kann sich an den gemeinsamen Aktivitäten beteiligen.<br />Aber jeder findet auch Raum für eigene Interessen. </p>
<h2 id="freizeit-pur"><strong>Freizeit pur</strong></h2>
<p>Ob Spiele·abend, Städte·touren oder Kino·besuch – in unserem Freizeit·club planen wir immer wieder gemeinsam neue Aktivitäten.<br />Im Sommer lockt der nahe·gelegene Park. Dort gibt es:<br />Mini·golf<br />Tisch·tennis·platte<br />Eine kleine Veranstaltungs·bühne </p>
<p>Wer gerne schwimmt, kann das Hallen·bad oder Frei·bad besuchen.</p>
<p>Nicht zu vergessen: Sterne gucken im Planetarium.</p>
<p>Im Hobby·raum kann man außerdem malen.<br />Dort ist auch der Computer mit Internet·zugang. </p>
<h2 id="die-umgebung"><strong>Die Umgebung</strong></h2>
<p>Nach etwa 5 Minuten zu Fuß:<br />&#8211; Super·märkte<br />&#8211; Kleine Geschäfte für den täglichen Bedarf<br />&#8211; Günstige Restaurants<br />&#8211; Banken<br />&#8211; Post </p>
<p>In der Nähe gibt es auch:</p>
<ul>
<li>Arzt·praxen</li>
<li>Universitäts·klinikum Benjamin Franklin</li>
<li>Auguste-Viktoria-Kranken·haus</li>
<li>Einkaufs·straße Schloß·straße mit vielen Geschäften und Kauf·häusern</li>
<li>verschiedene Kultur·angebote</li>
</ul>
<p>Die Bus·haltestelle ist direkt vor der Tür.<br />Die nächsten U-Bahnhöfe und S-Bahnhöfe sind mit dem Bus erreichbar.<br />Das dauert 10 bis 15 Minuten.<br />Der Bus fährt regelmäßig. </p>

<p>Willkommen in der Wohn·gemeinschaft Albrecht·straße Wer wohnt hier? 12 erwachsene Menschen mit Lern·schwierigkeiten.Sie sind zwischen 21 und 47 Jahren alt. Menschen mit zusätzlichen psychischen Beeinträchtigungen Räume Die Wohn·gemeinschaft ist in einem Miet·wohn·haus.Sie ist im 1. und 2. Ober·geschoss. Die Wohnungen sind auf 2 Etagen verteilt. Sie sind über eine Treppe miteinander verbunden. Jeweils 6 Einzel·zimmer [&hellip;]</p>
