{"id":12686,"date":"2023-06-25T11:56:45","date_gmt":"2023-06-25T09:56:45","guid":{"rendered":"https:\/\/www.aktion-weitblick.de\/bereiche\/bew-verbundwohnungen\/"},"modified":"2025-12-17T19:53:01","modified_gmt":"2025-12-17T18:53:01","slug":"bew-verbundwohnungen","status":"publish","type":"weit_bereich","link":"https:\/\/www.aktion-weitblick.de\/ls\/bereiche\/bew-verbundwohnungen\/","title":{"rendered":"BEW Verbund\u00b7wohnungen"},"content":{"rendered":"<p>In 4 Bezirken hat aktion weitblick kleine Wohnungen angemietet:<br \/>&#8211; Kreuzberg<br \/>&#8211; Mitte<br \/>&#8211; Tempelhof-Sch\u00f6neberg<br \/>&#8211; Neuk\u00f6lln<br \/>Diese Wohnungen werden untervermietet.<br \/>An Menschen mit Unterst\u00fctzungs\u00b7bedarf.<\/p>\n<p>Stunden\u00b7weise Assistenz in verschiedenen Lebens\u00b7bereichen.<\/p>\n<p>Voraussetzung:<br \/>Sie m\u00fcssen regelm\u00e4\u00dfig zu den Terminen kommen.<\/p>\n","protected":false},"excerpt":{"rendered":"<p>In 4 Bezirken hat aktion weitblick kleine Wohnungen angemietet:&#8211; Kreuzberg&#8211; Mitte&#8211; Tempelhof-Sch\u00f6neberg&#8211; Neuk\u00f6llnDiese Wohnungen werden untervermietet.An Menschen mit Unterst\u00fctzungs\u00b7bedarf. Stunden\u00b7weise Assistenz in verschiedenen Lebens\u00b7bereichen. Voraussetzung:Sie m\u00fcssen regelm\u00e4\u00dfig zu den Terminen kommen.<\/p>\n","protected":false},"featured_media":12573,"template":"","class_list":["post-12686","weit_bereich","type-weit_bereich","status-publish","has-post-thumbnail","hentry"],"acf":[],"_links":{"self":[{"href":"https:\/\/www.aktion-weitblick.de\/ls\/wp-json\/wp\/v2\/weit_bereichs\/12686","targetHints":{"allow":["GET"]}}],"collection":[{"href":"https:\/\/www.aktion-weitblick.de\/ls\/wp-json\/wp\/v2\/weit_bereichs"}],"about":[{"href":"https:\/\/www.aktion-weitblick.de\/ls\/wp-json\/wp\/v2\/types\/weit_bereich"}],"version-history":[{"count":2,"href":"https:\/\/www.aktion-weitblick.de\/ls\/wp-json\/wp\/v2\/weit_bereichs\/12686\/revisions"}],"predecessor-version":[{"id":12911,"href":"https:\/\/www.aktion-weitblick.de\/ls\/wp-json\/wp\/v2\/weit_bereichs\/12686\/revisions\/12911"}],"wp:featuredmedia":[{"embeddable":true,"href":"https:\/\/www.aktion-weitblick.de\/ls\/wp-json\/wp\/v2\/media\/12573"}],"wp:attachment":[{"href":"https:\/\/www.aktion-weitblick.de\/ls\/wp-json\/wp\/v2\/media?parent=12686"}],"curies":[{"name":"wp","href":"https:\/\/api.w.org\/{rel}","templated":true}]}}

<p>In 4 Bezirken hat aktion weitblick kleine Wohnungen angemietet:<br />&#8211; Kreuzberg<br />&#8211; Mitte<br />&#8211; Tempelhof-Schöneberg<br />&#8211; Neukölln<br />Diese Wohnungen werden untervermietet.<br />An Menschen mit Unterstützungs·bedarf.</p>
<p>Stunden·weise Assistenz in verschiedenen Lebens·bereichen.</p>
<p>Voraussetzung:<br />Sie müssen regelmäßig zu den Terminen kommen.</p>

<p>In 4 Bezirken hat aktion weitblick kleine Wohnungen angemietet:&#8211; Kreuzberg&#8211; Mitte&#8211; Tempelhof-Schöneberg&#8211; NeuköllnDiese Wohnungen werden untervermietet.An Menschen mit Unterstützungs·bedarf. Stunden·weise Assistenz in verschiedenen Lebens·bereichen. Voraussetzung:Sie müssen regelmäßig zu den Terminen kommen.</p>
