{"id":12681,"date":"2023-06-02T23:07:12","date_gmt":"2023-06-02T21:07:12","guid":{"rendered":"https:\/\/www.aktion-weitblick.de\/bereiche\/therapeutischer-wohnverbund\/"},"modified":"2025-12-17T19:51:38","modified_gmt":"2025-12-17T18:51:38","slug":"therapeutischer-wohnverbund","status":"publish","type":"weit_bereich","link":"https:\/\/www.aktion-weitblick.de\/ls\/bereiche\/therapeutischer-wohnverbund\/","title":{"rendered":"Therapeutischer Wohn\u00b7verbund"},"content":{"rendered":"\t\t<div data-elementor-type=\"wp-post\" data-elementor-id=\"12681\" class=\"elementor elementor-12681 elementor-7545\" data-elementor-post-type=\"weit_bereich\">\n\t\t\t\t<div class=\"elementor-element elementor-element-d86b423 e-flex e-con-boxed e-con e-parent\" data-id=\"d86b423\" data-element_type=\"container\" data-e-type=\"container\">\n\t\t\t\t\t<div class=\"e-con-inner\">\n\t\t\t\t<div class=\"elementor-element elementor-element-43bf21e elementor-widget elementor-widget-text-editor\" data-id=\"43bf21e\" data-element_type=\"widget\" data-e-type=\"widget\" data-widget_type=\"text-editor.default\">\n\t\t\t\t\t\t\t\t\t<p>Im Bereich Therapeutischer Wohn\u00b7verbund Neuk\u00f6lln bieten wir an:<br>&#8211; 3 Wohn\u00b7gemeinschaften f\u00fcr Menschen mit Unterst\u00fctzungs\u00b7bedarf<br>&#8211; 3 Wohnungen f\u00fcr das Betreute Einzel\u00b7wohnen<br>&#8211; Stunden\u00b7weise Assistenz in der eigenen Wohnung<\/p><p>Unser Team unterst\u00fctzt und begleitet Sie individuell.<br>Das Team hat verschiedene Berufe. Wann gibt es Assistenz?<br>Nach Ihrem Bedarf.<br>Meistens von Montag bis Freitag. Nachts gibt es keine Betreuung vor Ort.<\/p><p>Alle Menschen mit Unterst\u00fctzungs\u00b7bedarf haben feste Ansprech\u00b7personen.<br>Sie k\u00f6nnen mit ihnen sprechen \u00fcber:<br>Fragen, W\u00fcnsche und Probleme.<\/p><p>Besonders in Neuk\u00f6lln f\u00fcr Menschen mit psychischer Erkrankung:<br>Wo findet das Gruppen\u00b7leben statt?<br>Nicht so viel in den WGs.<br>Sondern in unserem Laden in der Erk\u00b7stra\u00dfe.<br>An 4 Tagen in der Woche.<br>F\u00fcr alle zusammen.<\/p><p>Das Bereichsb\u00fcro ist auch in der Erkstra\u00dfe.<\/p>\t\t\t\t\t\t\t\t<\/div>\n\t\t\t\t\t<\/div>\n\t\t\t\t<\/div>\n\t\t\t\t<\/div>\n\t\t","protected":false},"excerpt":{"rendered":"<p>Im Bereich Therapeutischer Wohn\u00b7verbund Neuk\u00f6lln bieten wir an:&#8211; 3 Wohn\u00b7gemeinschaften f\u00fcr Menschen mit Unterst\u00fctzungs\u00b7bedarf&#8211; 3 Wohnungen f\u00fcr das Betreute Einzel\u00b7wohnen&#8211; Stunden\u00b7weise Assistenz in der eigenen Wohnung Unser Team unterst\u00fctzt und begleitet Sie individuell.Das Team hat verschiedene Berufe. Wann gibt es Assistenz?Nach Ihrem Bedarf.Meistens von Montag bis Freitag. Nachts gibt es keine Betreuung vor Ort. Alle [&hellip;]<\/p>\n","protected":false},"featured_media":12573,"template":"","class_list":["post-12681","weit_bereich","type-weit_bereich","status-publish","has-post-thumbnail","hentry"],"acf":[],"_links":{"self":[{"href":"https:\/\/www.aktion-weitblick.de\/ls\/wp-json\/wp\/v2\/weit_bereichs\/12681","targetHints":{"allow":["GET"]}}],"collection":[{"href":"https:\/\/www.aktion-weitblick.de\/ls\/wp-json\/wp\/v2\/weit_bereichs"}],"about":[{"href":"https:\/\/www.aktion-weitblick.de\/ls\/wp-json\/wp\/v2\/types\/weit_bereich"}],"version-history":[{"count":2,"href":"https:\/\/www.aktion-weitblick.de\/ls\/wp-json\/wp\/v2\/weit_bereichs\/12681\/revisions"}],"predecessor-version":[{"id":12910,"href":"https:\/\/www.aktion-weitblick.de\/ls\/wp-json\/wp\/v2\/weit_bereichs\/12681\/revisions\/12910"}],"wp:featuredmedia":[{"embeddable":true,"href":"https:\/\/www.aktion-weitblick.de\/ls\/wp-json\/wp\/v2\/media\/12573"}],"wp:attachment":[{"href":"https:\/\/www.aktion-weitblick.de\/ls\/wp-json\/wp\/v2\/media?parent=12681"}],"curies":[{"name":"wp","href":"https:\/\/api.w.org\/{rel}","templated":true}]}}

<div data-elementor-type="wp-post" data-elementor-id="12681" class="elementor elementor-12681 elementor-7545" data-elementor-post-type="weit_bereich">
				<div class="elementor-element elementor-element-d86b423 e-flex e-con-boxed e-con e-parent" data-id="d86b423" data-element_type="container" data-e-type="container">
					<div class="e-con-inner">
				<div class="elementor-element elementor-element-43bf21e elementor-widget elementor-widget-text-editor" data-id="43bf21e" data-element_type="widget" data-e-type="widget" data-widget_type="text-editor.default">
									<p>Im Bereich Therapeutischer Wohn·verbund Neukölln bieten wir an:<br>&#8211; 3 Wohn·gemeinschaften für Menschen mit Unterstützungs·bedarf<br>&#8211; 3 Wohnungen für das Betreute Einzel·wohnen<br>&#8211; Stunden·weise Assistenz in der eigenen Wohnung</p><p>Unser Team unterstützt und begleitet Sie individuell.<br>Das Team hat verschiedene Berufe. Wann gibt es Assistenz?<br>Nach Ihrem Bedarf.<br>Meistens von Montag bis Freitag. Nachts gibt es keine Betreuung vor Ort.</p><p>Alle Menschen mit Unterstützungs·bedarf haben feste Ansprech·personen.<br>Sie können mit ihnen sprechen über:<br>Fragen, Wünsche und Probleme.</p><p>Besonders in Neukölln für Menschen mit psychischer Erkrankung:<br>Wo findet das Gruppen·leben statt?<br>Nicht so viel in den WGs.<br>Sondern in unserem Laden in der Erk·straße.<br>An 4 Tagen in der Woche.<br>Für alle zusammen.</p><p>Das Bereichsbüro ist auch in der Erkstraße.</p>								</div>
					</div>
				</div>
				</div>

<p>Im Bereich Therapeutischer Wohn·verbund Neukölln bieten wir an:&#8211; 3 Wohn·gemeinschaften für Menschen mit Unterstützungs·bedarf&#8211; 3 Wohnungen für das Betreute Einzel·wohnen&#8211; Stunden·weise Assistenz in der eigenen Wohnung Unser Team unterstützt und begleitet Sie individuell.Das Team hat verschiedene Berufe. Wann gibt es Assistenz?Nach Ihrem Bedarf.Meistens von Montag bis Freitag. Nachts gibt es keine Betreuung vor Ort. Alle [&hellip;]</p>
