{"id":11375,"date":"2025-10-01T08:41:23","date_gmt":"2025-10-01T06:41:23","guid":{"rendered":"https:\/\/www.aktion-weitblick.de\/?post_type=jobs&#038;p=11375"},"modified":"2026-02-04T09:38:46","modified_gmt":"2026-02-04T08:38:46","slug":"personalfachkauffrau-personalfachwirt-m-w-d-2","status":"publish","type":"jobs","link":"https:\/\/www.aktion-weitblick.de\/ls\/job\/personalfachkauffrau-personalfachwirt-m-w-d-2\/","title":{"rendered":"Sachbearbeiter in der allgemeinen Verwaltung (m\/w\/d)"},"author":16,"featured_media":1634,"template":"","class_list":["post-11375","jobs","type-jobs","status-publish","has-post-thumbnail","hentry"],"acf":[],"job-id":"aw2025","_job-id":"field_6489d40ee94c1","wochenstunden":"25 Wochenstunden","_wochenstunden":"field_6467baccb0e00","befristet":"unbefristet","_befristet":"field_6467bb3a54214","standort":"Berlin-Steglitz","_standort":"field_6467bb6b54215","job_custom_message":"","position_title":"Sachbearbeiter in der allgemeinen Verwaltung (m\/w\/d)","sort-position_title":"sort-left-0","position_title-custom-title":"","position_title-hide-title":"off","position_title-hide-field":"off","position_title-field-tag":"div","position_title-field-tag-title":"div","position_title-field-class":"","position_logo":"https:\/\/www.aktion-weitblick.de\/wp-content\/uploads\/2023\/04\/weitblick-aktion-logo-300x113.png","sort-position_logo":"sort-right-0","position_logo-custom-title":"","position_logo-hide-title":"off","position_logo-hide-field":"off","position_logo-field-tag":"div","position_logo-field-tag-title":"div","position_logo-field-class":"","sort-position_employment_type":"sort-right-1","position_employment_type-custom-title":"","position_employment_type-hide-title":"off","position_employment_type-hide-field":"off","position_employment_type-field-tag":"div","position_employment_type-field-tag-title":"div","position_employment_type-field-class":"","position_employment_begining":"ab sofort","sort-position_employment_begining":"sort-right-3","position_employment_begining-custom-title":"","position_employment_begining-hide-title":"off","position_employment_begining-hide-field":"off","position_employment_begining-field-tag":"div","position_employment_begining-field-tag-title":"div","position_employment_begining-field-class":"","position_employment_duration":"unbefristet","sort-position_employment_duration":"sort-right-4","position_employment_duration-custom-title":"","position_employment_duration-hide-title":"off","position_employment_duration-hide-field":"off","position_employment_duration-field-tag":"div","position_employment_duration-field-tag-title":"div","position_employment_duration-field-class":"","position_industry":"","sort-position_industry":"sort-disabled-5","position_industry-custom-title":"","position_industry-hide-title":"off","position_industry-hide-field":"off","position_industry-field-tag":"div","position_industry-field-tag-title":"div","position_industry-field-class":"","position_job_location":"Steglitz","sort-position_job_location":"sort-right-5","position_job_location-custom-title":"","position_job_location-hide-title":"off","position_job_location-hide-field":"off","position_job_location-field-tag":"div","position_job_location-field-tag-title":"div","position_job_location-field-class":"","position_description":"F\u00fcr unser Team in der Gesch\u00e4ftsstelle in <strong>Berlin-Steglitz <\/strong>suchen wir ab <strong>sofort <\/strong>tatkr\u00e4ftige Unterst\u00fctzung durch eine*n Kolleg*in f\u00fcr unsere <strong>Verwaltung<\/strong>!\r\n\r\naktion weitblick mit rund 150 Mitarbeitenden begleitet ca. 350 Menschen mit Unterst\u00fctzungsbedarf in unterschiedlichen Wohnformen. Mit Empathie und Engagement entwickeln wir gemeinsam Perspektiven und unterst\u00fctzen unsere Klient*innen, ihr Leben eigenverantwortlich und selbstbestimmt zu gestalten. Damit dies gelingt, ist unsere Verwaltung ein unverzichtbarer Teil des Ganzen \u2013 und genau hier suchen wir <strong>ein neues Teammitglied!<\/strong>\r\n\r\n&nbsp;\r\n<h2>Unser Angebot<\/h2>\r\n<ul>\r\n \t<li>Wir bieten Ihnen <strong>unbefristete Teilzeitstellen mit 25 Wochenstunden<\/strong> an f\u00fcnf Tagen in der Woche und klaren, familienfreundlichen Arbeitszeiten.<\/li>\r\n \t<li>Sie profitieren von einem sicheren Arbeitsplatz mit Bezahlung nach Betriebsvereinbarung (dynamisch angepasst), einer verbindlichen Jahressonderzahlung, Kinderzulage, betrieblicher Altersvorsorge und Gesundheitsmanagement.<\/li>\r\n \t<li>Zudem er\u00f6ffnen wir Ihnen vielf\u00e4ltige M\u00f6glichkeiten zur Fort- und Weiterbildung sowie pers\u00f6nliche Entwicklungsperspektiven.<\/li>\r\n \t<li>Freuen Sie sich au\u00dferdem auf 30 Tage Jahresurlaub und zus\u00e4tzliches Urlaubsgeld.<\/li>\r\n<\/ul>\r\n<h2>Ihr Profil<\/h2>\r\n<ul>\r\n \t<li>Sie verf\u00fcgen \u00fcber eine abgeschlossene kaufm\u00e4nnische Ausbildung und bringen Berufserfahrung mit.<\/li>\r\n \t<li>Deutsch beherrschen Sie auf Muttersprachenniveau. Mit MS Office (Excel, Word, Outlook) gehen Sie sicher um.<\/li>\r\n \t<li>Ihr freundliches Wesen, Ihre Teamf\u00e4higkeit und Ihr Organisationstalent zeichnen\r\nSie aus.<\/li>\r\n \t<li>Sie sind flexibel, aufgeschlossen und haben Freude an einer sinnstiftenden T\u00e4tigkeit.<\/li>\r\n<\/ul>\r\n<h2>Ihre Aufgaben<\/h2>\r\n<ul>\r\n \t<li>Sie sind der freundliche, zuvorkommende Empfang der Besucher*innen (intern, extern) unserer Gesch\u00e4ftsstelle und bei eingehenden Anrufen in der Telefonzentrale.<\/li>\r\n \t<li>Ihre Leidenschaft ist die Organisation des B\u00fcroalltags (Postbearbeitung, Termin- und Materialverwaltung, Bestellungen von B\u00fcromaterial, Vor- und Nachbereitung von Besprechungen etc.).<\/li>\r\n \t<li>Bei der Anwendung verschiedener EDV-Programme macht Ihnen niemand etwas vor.<\/li>\r\n \t<li>Die Verwaltung der Kasse und die Erstellung von Rechnungen f\u00fcr unsere Betreuungsleistungen meistern Sie mit links.<\/li>\r\n \t<li>Sie sind ein*e Teamplayer*in und ein serviceorientiertes Kommunikationstalent - die Zusammenarbeit im Team ist Ihre gro\u00dfe Motivation.<\/li>\r\n<\/ul>","sort-position_description":"sort-left-1","position_description-custom-title":"","position_description-hide-title":"off","position_description-hide-field":"off","position_description-field-tag":"div","position_description-field-tag-title":"div","position_description-field-class":"","position_responsibilities":"","sort-position_responsibilities":"sort-disabled-9","position_responsibilities-custom-title":"","position_responsibilities-hide-title":"off","position_responsibilities-hide-field":"off","position_responsibilities-field-tag":"div","position_responsibilities-field-tag-title":"div","position_responsibilities-field-class":"","position_qualifications":"","sort-position_qualifications":"sort-disabled-8","position_qualifications-custom-title":"","position_qualifications-hide-title":"off","position_qualifications-hide-field":"off","position_qualifications-field-tag":"div","position_qualifications-field-tag-title":"div","position_qualifications-field-class":"","position_job_benefits":"","sort-position_job_benefits":"sort-disabled-7","position_job_benefits-custom-title":"","position_job_benefits-hide-title":"off","position_job_benefits-hide-field":"off","position_job_benefits-field-tag":"div","position_job_benefits-field-tag-title":"div","position_job_benefits-field-class":"","position_contacts":"","sort-position_contacts":"sort-disabled-6","position_contacts-custom-title":"","position_contacts-hide-title":"off","position_contacts-hide-field":"off","position_contacts-field-tag":"div","position_contacts-field-tag-title":"div","position_contacts-field-class":"","position_work_hours":"25 Wochenstunden","sort-position_work_hours":"sort-right-6","position_work_hours-custom-title":"","position_work_hours-hide-title":"off","position_work_hours-hide-field":"off","position_work_hours-field-tag":"div","position_work_hours-field-tag-title":"div","position_work_hours-field-class":"","position_base_salary":"","sort-position_base_salary":"sort-right-7","position_base_salary-custom-title":"","position_base_salary-hide-title":"off","position_base_salary-hide-field":"off","position_base_salary-field-tag":"div","position_base_salary-field-tag-title":"div","position_base_salary-field-class":"","sort-position_date_posted":"sort-right-10","position_date_posted-custom-title":"","position_date_posted-hide-title":"off","position_date_posted-hide-field":"off","position_date_posted-field-tag":"div","position_date_posted-field-tag-title":"div","position_date_posted-field-class":"","position_valid_through":"","sort-position_valid_through":"sort-right-11","position_valid_through-custom-title":"","position_valid_through-hide-title":"off","position_valid_through-hide-field":"off","position_valid_through-field-tag":"div","position_valid_through-field-tag-title":"div","position_valid_through-field-class":"","position_pdf_export":"","sort-position_pdf_export":"sort-disabled-10","position_pdf_export-custom-title":"","position_pdf_export-hide-title":"off","position_pdf_export-hide-field":"off","position_pdf_export-field-tag":"div","position_pdf_export-field-tag-title":"div","position_pdf_export-field-class":"","position_apply_now":"Jetzt bewerben","sort-position_apply_now":"sort-right-12","position_apply_now-custom-title":"","position_apply_now-hide-title":"off","position_apply_now-hide-field":"off","position_apply_now-field-tag":"div","position_apply_now-field-tag-title":"div","position_apply_now-field-class":"","position_educationRequirements":"","sort-position_educationRequirements":"sort-disabled-0","position_educationRequirements-custom-title":"","position_educationRequirements-hide-title":"off","position_educationRequirements-hide-field":"off","position_educationRequirements-field-tag":"div","position_educationRequirements-field-tag-title":"div","position_educationRequirements-field-class":"","position_experienceRequirements":"","sort-position_experienceRequirements":"sort-disabled-1","position_experienceRequirements-custom-title":"","position_experienceRequirements-hide-title":"off","position_experienceRequirements-hide-field":"off","position_experienceRequirements-field-tag":"div","position_experienceRequirements-field-tag-title":"div","position_experienceRequirements-field-class":"","position_skills":"","sort-position_skills":"sort-disabled-2","position_skills-custom-title":"","position_skills-hide-title":"off","position_skills-hide-field":"off","position_skills-field-tag":"div","position_skills-field-tag-title":"div","position_skills-field-class":"","position_button":"Button","sort-position_button":"sort-disabled-3","position_button-custom-title":"","position_button-hide-title":"off","position_button-hide-field":"off","position_button-field-tag":"div","position_button-field-tag-title":"div","position_button-field-class":"","position_button-url":"","position_button-url-target":"_blank","position_button-style":"primary-style","position_pdf_job":"https:\/\/www.aktion-weitblick.de\/wp-content\/uploads\/2025\/11\/Stellenanzeige-aw2025.pdf","sort-position_pdf_job":"sort-right-2","position_pdf_job-custom-title":"","position_pdf_job-hide-title":"off","position_pdf_job-hide-field":"off","position_pdf_job-field-tag":"div","position_pdf_job-field-tag-title":"div","position_pdf_job-field-class":"","position_custom_text_1":"<h6>Bitte beachten Sie die Datenschutz-Hinweise f\u00fcr Bewerbungen in unseren <a href=\"\\&quot;\\\\&quot;\\\\\\\\&quot;\/\/www.aktion-weitblick.de\/datenschutzerklaerung\\\\\\\\\\\\\\\\&quot;\\\\\\\\&quot;\\\\&quot;\\&quot;\">Datenschutz-Hinweisen.<\/a><\/h6>","sort-position_custom_text_1":"sort-right-13","position_custom_text_1-custom-title":"","position_custom_text_1-hide-title":"off","position_custom_text_1-hide-field":"off","position_custom_text_1-field-tag":"div","position_custom_text_1-field-tag-title":"div","position_custom_text_1-field-class":"","position_custom_text_2":"aw2025","sort-position_custom_text_2":"sort-right-8","position_custom_text_2-custom-title":"Bewerbungs-ID","position_custom_text_2-hide-title":"off","position_custom_text_2-hide-field":"off","position_custom_text_2-field-tag":"div","position_custom_text_2-field-tag-title":"div","position_custom_text_2-field-class":"","position_custom_text_3":"Andreas Spuhl, Kaufm\u00e4nnische Leitung\r\nTel. 030 700 96 23 0\r\n<a href=\"bewerbung@aktion-weitblick.de\\&quot;\">Mail<\/a>","sort-position_custom_text_3":"sort-right-9","position_custom_text_3-custom-title":"Ansprechpartnerin","position_custom_text_3-hide-title":"off","position_custom_text_3-hide-field":"off","position_custom_text_3-field-tag":"div","position_custom_text_3-field-tag-title":"div","position_custom_text_3-field-class":"","sort-position_inline_apply_now":"sort-disabled-4","position_inline_apply_now-custom-title":"","position_inline_apply_now-hide-title":"off","position_inline_apply_now-hide-field":"off","position_inline_apply_now-field-tag":"div","position_inline_apply_now-field-tag-title":"div","position_inline_apply_now-field-class":"","position_hiring_organization_name":"","position_job_location_streetAddress":"","position_job_location_postalCode":"","position_job_location_addressLocality":"Steglitz","position_job_location_addressRegion":"Berlin","position_job_location_addressCountry":"Deutschland","position_job_location_remote":"","job_remote_data":[{"type":"","name":""}],"position_pdf_job_name":"Stellenanzeige aw2025","position_base_salary_upto":"","position_base_salary_unittext":"","position_valid_through_date":"1970-01-01","_wp_old_date":"2024-10-29","jobs_post_metrics_counted":"yes","_genesis_title":"Sachbearbeiter*in in der allgemeinen Verwaltung","_dp_original":"10791","_edit_lock":"1770194327:16","_edit_last":"16","_wp_old_slug":"personalfachkauffrau-personalfachwirt-m-w-d","position_employment_type":["PART_TIME"],"_wpml_word_count":"9","copied_media_ids":[],"referenced_media_ids":[],"_elementor_page_assets":[],"_thumbnail_id":"1634","_links":{"self":[{"href":"https:\/\/www.aktion-weitblick.de\/ls\/wp-json\/wp\/v2\/jobs\/11375","targetHints":{"allow":["GET"]}}],"collection":[{"href":"https:\/\/www.aktion-weitblick.de\/ls\/wp-json\/wp\/v2\/jobs"}],"about":[{"href":"https:\/\/www.aktion-weitblick.de\/ls\/wp-json\/wp\/v2\/types\/jobs"}],"author":[{"embeddable":true,"href":"https:\/\/www.aktion-weitblick.de\/ls\/wp-json\/wp\/v2\/users\/16"}],"wp:featuredmedia":[{"embeddable":true,"href":"https:\/\/www.aktion-weitblick.de\/ls\/wp-json\/wp\/v2\/media\/1634"}],"wp:attachment":[{"href":"https:\/\/www.aktion-weitblick.de\/ls\/wp-json\/wp\/v2\/media?parent=11375"}],"curies":[{"name":"wp","href":"https:\/\/api.w.org\/{rel}","templated":true}]}}

Für unser Team in der Geschäftsstelle in <strong>Berlin-Steglitz </strong>suchen wir ab <strong>sofort </strong>tatkräftige Unterstützung durch eine*n Kolleg*in für unsere <strong>Verwaltung</strong>!

aktion weitblick mit rund 150 Mitarbeitenden begleitet ca. 350 Menschen mit Unterstützungsbedarf in unterschiedlichen Wohnformen. Mit Empathie und Engagement entwickeln wir gemeinsam Perspektiven und unterstützen unsere Klient*innen, ihr Leben eigenverantwortlich und selbstbestimmt zu gestalten. Damit dies gelingt, ist unsere Verwaltung ein unverzichtbarer Teil des Ganzen – und genau hier suchen wir <strong>ein neues Teammitglied!</strong>

&nbsp;
<h2>Unser Angebot</h2>
<ul>
 	<li>Wir bieten Ihnen <strong>unbefristete Teilzeitstellen mit 25 Wochenstunden</strong> an fünf Tagen in der Woche und klaren, familienfreundlichen Arbeitszeiten.</li>
 	<li>Sie profitieren von einem sicheren Arbeitsplatz mit Bezahlung nach Betriebsvereinbarung (dynamisch angepasst), einer verbindlichen Jahressonderzahlung, Kinderzulage, betrieblicher Altersvorsorge und Gesundheitsmanagement.</li>
 	<li>Zudem eröffnen wir Ihnen vielfältige Möglichkeiten zur Fort- und Weiterbildung sowie persönliche Entwicklungsperspektiven.</li>
 	<li>Freuen Sie sich außerdem auf 30 Tage Jahresurlaub und zusätzliches Urlaubsgeld.</li>
</ul>
<h2>Ihr Profil</h2>
<ul>
 	<li>Sie verfügen über eine abgeschlossene kaufmännische Ausbildung und bringen Berufserfahrung mit.</li>
 	<li>Deutsch beherrschen Sie auf Muttersprachenniveau. Mit MS Office (Excel, Word, Outlook) gehen Sie sicher um.</li>
 	<li>Ihr freundliches Wesen, Ihre Teamfähigkeit und Ihr Organisationstalent zeichnen
Sie aus.</li>
 	<li>Sie sind flexibel, aufgeschlossen und haben Freude an einer sinnstiftenden Tätigkeit.</li>
</ul>
<h2>Ihre Aufgaben</h2>
<ul>
 	<li>Sie sind der freundliche, zuvorkommende Empfang der Besucher*innen (intern, extern) unserer Geschäftsstelle und bei eingehenden Anrufen in der Telefonzentrale.</li>
 	<li>Ihre Leidenschaft ist die Organisation des Büroalltags (Postbearbeitung, Termin- und Materialverwaltung, Bestellungen von Büromaterial, Vor- und Nachbereitung von Besprechungen etc.).</li>
 	<li>Bei der Anwendung verschiedener EDV-Programme macht Ihnen niemand etwas vor.</li>
 	<li>Die Verwaltung der Kasse und die Erstellung von Rechnungen für unsere Betreuungsleistungen meistern Sie mit links.</li>
 	<li>Sie sind ein*e Teamplayer*in und ein serviceorientiertes Kommunikationstalent - die Zusammenarbeit im Team ist Ihre große Motivation.</li>
</ul>

<h6>Bitte beachten Sie die Datenschutz-Hinweise für Bewerbungen in unseren <a href="\&quot;\\&quot;\\\\&quot;//www.aktion-weitblick.de/datenschutzerklaerung\\\\\\\\&quot;\\\\&quot;\\&quot;\&quot;">Datenschutz-Hinweisen.</a></h6>

Andreas Spuhl, Kaufmännische Leitung
Tel. 030 700 96 23 0
<a href="bewerbung@aktion-weitblick.de\&quot;">Mail</a>
